Last updated on 2024-08-16 00:48:19 CEST.
Flavor | Version | Tinstall | Tcheck | Ttotal | Status | Flags |
---|---|---|---|---|---|---|
r-devel-linux-x86_64-debian-clang | 0.1-0 | 67.02 | 83.43 | 150.45 | NOTE | |
r-devel-linux-x86_64-debian-gcc | 0.1-0 | 57.60 | 48.04 | 105.64 | NOTE | |
r-devel-linux-x86_64-fedora-clang | 0.1-0 | 247.25 | NOTE | |||
r-devel-linux-x86_64-fedora-gcc | 0.1-0 | 285.83 | NOTE | |||
r-devel-windows-x86_64 | 0.1-0 | 71.00 | 121.00 | 192.00 | NOTE | |
r-patched-linux-x86_64 | 0.1-0 | 78.31 | 61.75 | 140.06 | OK | |
r-release-linux-x86_64 | 0.1-0 | 80.56 | 62.30 | 142.86 | OK | |
r-release-macos-arm64 | 0.1-0 | 101.00 | NOTE | |||
r-release-macos-x86_64 | 0.1-0 | 85.00 | NOTE | |||
r-release-windows-x86_64 | 0.1-0 | 74.00 | 123.00 | 197.00 | OK | |
r-oldrel-macos-arm64 | 0.1-0 | 108.00 | NOTE | |||
r-oldrel-macos-x86_64 | 0.1-0 | 190.00 | NOTE | |||
r-oldrel-windows-x86_64 | 0.1-0 | 82.00 | 131.00 | 213.00 | OK |
Version: 0.1-0
Check: compiled code
Result: NOTE
File ‘epiworldR/libs/epiworldR.so’:
Found non-API calls to R: ‘SETLENGTH’, ‘SET_GROWABLE_BIT’,
‘SET_TRUELENGTH’
Compiled code should not call non-API entry points in R.
See ‘Writing portable packages’ in the ‘Writing R Extensions’ manual,
and section ‘Moving into C API compliance’ for issues with the use of
non-API entry points.
Flavors: r-devel-linux-x86_64-debian-clang, r-devel-linux-x86_64-debian-gcc, r-devel-linux-x86_64-fedora-clang, r-devel-linux-x86_64-fedora-gcc
Version: 0.1-0
Check: compiled code
Result: NOTE
File 'epiworldR/libs/x64/epiworldR.dll':
Found non-API calls to R: 'SETLENGTH', 'SET_GROWABLE_BIT',
'SET_TRUELENGTH'
Compiled code should not call non-API entry points in R.
See 'Writing portable packages' in the 'Writing R Extensions' manual,
and section 'Moving into C API compliance' for issues with the use of
non-API entry points.
Flavor: r-devel-windows-x86_64
Version: 0.1-0
Check: installed package size
Result: NOTE
installed size is 13.2Mb
sub-directories of 1Mb or more:
libs 11.5Mb
Flavors: r-release-macos-arm64, r-release-macos-x86_64, r-oldrel-macos-arm64, r-oldrel-macos-x86_64