Last updated on 2023-12-01 00:51:54 CET.
Flavor | Version | Tinstall | Tcheck | Ttotal | Status | Flags |
---|---|---|---|---|---|---|
r-devel-linux-x86_64-debian-clang | 0.8.10 | 27.82 | 264.56 | 292.38 | NOTE | |
r-devel-linux-x86_64-debian-gcc | 0.8.10 | 19.91 | 192.15 | 212.06 | NOTE | |
r-devel-linux-x86_64-fedora-clang | 0.8.10 | 377.65 | NOTE | |||
r-devel-linux-x86_64-fedora-gcc | 0.8.10 | 362.25 | NOTE | |||
r-devel-windows-x86_64 | 0.8.10 | 20.00 | 194.00 | 214.00 | NOTE | |
r-patched-linux-x86_64 | 0.8.10 | 27.24 | 250.01 | 277.25 | NOTE | |
r-release-linux-x86_64 | 0.8.10 | 25.39 | 253.45 | 278.84 | NOTE | |
r-release-macos-arm64 | 0.8.10 | 82.00 | NOTE | |||
r-release-macos-x86_64 | 0.8.10 | 143.00 | NOTE | |||
r-release-windows-x86_64 | 0.8.10 | 24.00 | 245.00 | 269.00 | NOTE | |
r-oldrel-macos-arm64 | 0.8.10 | 80.00 | OK | |||
r-oldrel-macos-x86_64 | 0.8.10 | 132.00 | OK | |||
r-oldrel-windows-x86_64 | 0.8.10 | 24.00 | 250.00 | 274.00 | OK |
Version: 0.8.10
Check: Rd files
Result: NOTE
checkRd: (-1) Snoring.Rd:21: Escaped LaTeX specials: \&
Flavors: r-devel-linux-x86_64-debian-clang, r-devel-linux-x86_64-debian-gcc, r-devel-linux-x86_64-fedora-clang, r-devel-linux-x86_64-fedora-gcc, r-devel-windows-x86_64, r-patched-linux-x86_64, r-release-linux-x86_64, r-release-macos-arm64, r-release-macos-x86_64, r-release-windows-x86_64