Last updated on 2023-12-01 00:51:55 CET.
Flavor | Version | Tinstall | Tcheck | Ttotal | Status | Flags |
---|---|---|---|---|---|---|
r-devel-linux-x86_64-debian-clang | 0.52 | 54.85 | 180.10 | 234.95 | NOTE | |
r-devel-linux-x86_64-debian-gcc | 0.52 | 42.54 | 137.65 | 180.19 | NOTE | |
r-devel-linux-x86_64-fedora-clang | 0.52 | 315.84 | NOTE | |||
r-devel-linux-x86_64-fedora-gcc | 0.52 | 314.51 | NOTE | |||
r-devel-windows-x86_64 | 0.52 | 46.00 | 166.00 | 212.00 | NOTE | |
r-patched-linux-x86_64 | 0.52 | 56.41 | 178.31 | 234.72 | OK | |
r-release-linux-x86_64 | 0.52 | 51.58 | 178.71 | 230.29 | OK | |
r-release-macos-arm64 | 0.52 | 108.00 | NOTE | |||
r-release-macos-x86_64 | 0.52 | 182.00 | NOTE | |||
r-release-windows-x86_64 | 0.52 | 60.00 | 202.00 | 262.00 | OK | |
r-oldrel-macos-arm64 | 0.52 | 91.00 | NOTE | |||
r-oldrel-macos-x86_64 | 0.52 | 181.00 | NOTE | |||
r-oldrel-windows-x86_64 | 0.52 | 59.00 | 201.00 | 260.00 | OK |
Version: 0.52
Check: Rd contents
Result: NOTE
Argument items with no description in Rd file 'plot.expectreg.Rd':
‘\dots’
Argument items with no description in Rd file 'update.expectreg.Rd':
‘\dots’
Flavors: r-devel-linux-x86_64-debian-clang, r-devel-linux-x86_64-debian-gcc, r-devel-linux-x86_64-fedora-clang, r-devel-linux-x86_64-fedora-gcc, r-devel-windows-x86_64
Version: 0.52
Check: Rd cross-references
Result: NOTE
Undeclared package ‘quantreg’ in Rd xrefs
Flavor: r-devel-linux-x86_64-fedora-clang
Version: 0.52
Check: installed package size
Result: NOTE
installed size is 9.6Mb
sub-directories of 1Mb or more:
libs 8.1Mb
Flavors: r-release-macos-arm64, r-release-macos-x86_64, r-oldrel-macos-arm64, r-oldrel-macos-x86_64