Last updated on 2023-12-04 12:50:19 CET.
Flavor | Version | Tinstall | Tcheck | Ttotal | Status | Flags |
---|---|---|---|---|---|---|
r-devel-linux-x86_64-debian-clang | 1.4.1 | 68.43 | 899.67 | 968.10 | NOTE | |
r-devel-linux-x86_64-debian-gcc | 1.4.1 | 64.57 | 591.27 | 655.84 | NOTE | |
r-devel-linux-x86_64-fedora-clang | 1.4.1 | 1122.04 | NOTE | |||
r-devel-linux-x86_64-fedora-gcc | 1.4.1 | 922.41 | NOTE | |||
r-devel-windows-x86_64 | 1.4.1 | 60.00 | 403.00 | 463.00 | NOTE | |
r-patched-linux-x86_64 | 1.4.1 | 66.96 | 749.43 | 816.39 | OK | |
r-release-linux-x86_64 | 1.4.1 | 65.52 | 751.00 | 816.52 | OK | |
r-release-macos-arm64 | 1.4.1 | 254.00 | NOTE | |||
r-release-macos-x86_64 | 1.4.1 | 473.00 | NOTE | |||
r-release-windows-x86_64 | 1.4.1 | 83.00 | 528.00 | 611.00 | NOTE | |
r-oldrel-macos-arm64 | 1.4.1 | 233.00 | NOTE | |||
r-oldrel-macos-x86_64 | 1.4.1 | 262.00 | NOTE | |||
r-oldrel-windows-x86_64 | 1.4.1 | 85.00 | 493.00 | 578.00 | NOTE |
Version: 1.4.1
Check: Rd \usage sections
Result: NOTE
Documented arguments not in \usage in Rd file 'dot-get_default_sign_size.Rd':
‘outcome_type’
Documented arguments not in \usage in Rd file 'dot-get_iteration_data.Rd':
‘file_dir’
Documented arguments not in \usage in Rd file 'extract_model_vimp.Rd':
‘feature_similarity_table’
Functions with \usage entries need to have the appropriate \alias
entries, and all their arguments documented.
The \usage entries must correspond to syntactically valid R code.
See chapter ‘Writing R documentation files’ in the ‘Writing R
Extensions’ manual.
Flavors: r-devel-linux-x86_64-debian-clang, r-devel-linux-x86_64-debian-gcc, r-devel-linux-x86_64-fedora-clang, r-devel-linux-x86_64-fedora-gcc, r-devel-windows-x86_64
Version: 1.4.1
Check: installed package size
Result: NOTE
installed size is 5.9Mb
sub-directories of 1Mb or more:
R 3.5Mb
doc 1.0Mb
help 1.2Mb
Flavors: r-devel-linux-x86_64-fedora-clang, r-devel-windows-x86_64, r-release-macos-arm64, r-release-macos-x86_64, r-release-windows-x86_64, r-oldrel-macos-arm64, r-oldrel-macos-x86_64, r-oldrel-windows-x86_64