Last updated on 2023-12-07 01:54:33 CET.
Flavor | Version | Tinstall | Tcheck | Ttotal | Status | Flags |
---|---|---|---|---|---|---|
r-devel-linux-x86_64-debian-clang | 2.2.1 | 40.56 | 193.87 | 234.43 | NOTE | |
r-devel-linux-x86_64-debian-gcc | 2.2.1 | 27.89 | 159.29 | 187.18 | NOTE | |
r-devel-linux-x86_64-fedora-clang | 2.2.1 | 296.53 | NOTE | |||
r-devel-linux-x86_64-fedora-gcc | 2.2.1 | 306.43 | NOTE | |||
r-devel-windows-x86_64 | 2.2.1 | 32.00 | 223.00 | 255.00 | NOTE | |
r-patched-linux-x86_64 | 2.2.1 | 31.86 | 220.60 | 252.46 | NOTE | |
r-release-linux-x86_64 | 2.2.1 | 35.81 | 210.71 | 246.52 | NOTE | |
r-release-macos-arm64 | 2.2.1 | 111.00 | NOTE | |||
r-release-macos-x86_64 | 2.2.1 | 284.00 | NOTE | |||
r-release-windows-x86_64 | 2.2.1 | 30.00 | 261.00 | 291.00 | NOTE | |
r-oldrel-macos-arm64 | 2.2.1 | 111.00 | NOTE | |||
r-oldrel-macos-x86_64 | 2.2.1 | 132.00 | NOTE | |||
r-oldrel-windows-x86_64 | 2.2.1 | 42.00 | 254.00 | 296.00 | NOTE |
Version: 2.2.1
Check: for GNU extensions in Makefiles
Result: NOTE
GNU make is a SystemRequirements.
Flavors: r-devel-linux-x86_64-debian-clang, r-devel-linux-x86_64-debian-gcc, r-devel-linux-x86_64-fedora-clang, r-devel-linux-x86_64-fedora-gcc, r-devel-windows-x86_64, r-patched-linux-x86_64, r-release-linux-x86_64, r-release-macos-arm64, r-release-macos-x86_64, r-release-windows-x86_64, r-oldrel-macos-arm64, r-oldrel-macos-x86_64, r-oldrel-windows-x86_64