Last updated on 2023-12-05 13:49:33 CET.
Flavor | Version | Tinstall | Tcheck | Ttotal | Status | Flags |
---|---|---|---|---|---|---|
r-devel-linux-x86_64-debian-clang | 0.9.9 | 20.74 | 205.35 | 226.09 | OK | |
r-devel-linux-x86_64-debian-gcc | 0.9.9 | 17.91 | 152.50 | 170.41 | OK | |
r-devel-linux-x86_64-fedora-clang | 0.9.9 | 294.52 | NOTE | |||
r-devel-linux-x86_64-fedora-gcc | 0.9.9 | 283.67 | NOTE | |||
r-devel-windows-x86_64 | 0.9.9 | 22.00 | 207.00 | 229.00 | OK | |
r-patched-linux-x86_64 | 0.9.9 | 23.32 | 196.05 | 219.37 | OK | |
r-release-linux-x86_64 | 0.9.9 | 17.13 | 196.08 | 213.21 | OK | |
r-release-macos-arm64 | 0.9.9 | 79.00 | OK | |||
r-release-macos-x86_64 | 0.9.9 | 156.00 | OK | |||
r-release-windows-x86_64 | 0.9.9 | 29.00 | 254.00 | 283.00 | OK | |
r-oldrel-macos-arm64 | 0.9.9 | 88.00 | OK | |||
r-oldrel-macos-x86_64 | 0.9.9 | 107.00 | OK | |||
r-oldrel-windows-x86_64 | 0.9.9 | 29.00 | 243.00 | 272.00 | OK |
Version: 0.9.9
Check: data for non-ASCII characters
Result: NOTE
Note: found 3 marked Latin-1 strings
Note: found 3 marked UTF-8 strings
Flavors: r-devel-linux-x86_64-fedora-clang, r-devel-linux-x86_64-fedora-gcc