CRAN Package Check Results for Package feasts

Last updated on 2024-02-24 00:51:12 CET.

Flavor Version Tinstall Tcheck Ttotal Status Flags
r-devel-linux-x86_64-debian-clang 0.3.1 12.35 163.56 175.91 NOTE
r-devel-linux-x86_64-debian-gcc 0.3.1 10.05 119.54 129.59 OK
r-devel-linux-x86_64-fedora-clang 0.3.1 202.42 ERROR
r-devel-linux-x86_64-fedora-gcc 0.3.1 215.12 ERROR
r-devel-windows-x86_64 0.3.1 11.00 135.00 146.00 OK
r-patched-linux-x86_64 0.3.1 8.35 162.80 171.15 OK
r-release-linux-x86_64 0.3.1 7.76 157.29 165.05 OK
r-release-macos-arm64 0.3.1 63.00 OK
r-release-macos-x86_64 0.3.1 102.00 NOTE
r-release-windows-x86_64 0.3.1 14.00 167.00 181.00 OK
r-oldrel-macos-arm64 0.3.1 51.00 OK
r-oldrel-windows-x86_64 0.3.1 15.00 174.00 189.00 OK

Check Details

Version: 0.3.1
Check: dependencies in R code
Result: NOTE Fortran STOP IEEE arithmetic exceptions signaled: INEXACT Flavor: r-devel-linux-x86_64-debian-clang

Version: 0.3.1
Check: examples
Result: ERROR Running examples in ‘feasts-Ex.R’ failed The error most likely occurred in: > ### Name: gg_season > ### Title: Seasonal plot > ### Aliases: gg_season > > ### ** Examples > > library(tsibble) Attaching package: ‘tsibble’ The following objects are masked from ‘package:base’: intersect, setdiff, union > library(dplyr) Attaching package: ‘dplyr’ The following objects are masked from ‘package:stats’: filter, lag The following objects are masked from ‘package:base’: intersect, setdiff, setequal, union > tsibbledata::aus_retail %>% + filter( + State == "Victoria", + Industry == "Cafes, restaurants and catering services" + ) %>% + gg_season(Turnover) Error in `ggplot2::scale_color_gradientn()`: ! `breaks` and `labels` have different lengths. Backtrace: ▆ 1. ├─base (local) `<fn>`(x) 2. └─ggplot2:::print.ggplot(x) 3. ├─ggplot2::ggplot_build(x) 4. └─ggplot2:::ggplot_build.ggplot(x) 5. └─plot$guides$build(npscales, plot$layers, plot$labels, data) 6. └─ggplot2 (local) build(..., self = self) 7. └─guides$train(scales, labels) 8. └─ggplot2 (local) train(..., self = self) 9. └─base::Map(...) 10. └─base::mapply(FUN = f, ..., SIMPLIFY = FALSE) 11. └─ggplot2 (local) `<fn>`(...) 12. └─guide$train(param, scale, aes, title = labels[[aes]]) 13. └─ggplot2 (local) train(..., self = self) 14. ├─rlang::inject(self$extract_key(scale, !!!params)) 15. └─self$extract_key(...) 16. └─ggplot2 (local) extract_key(...) 17. └─Guide$extract_key(scale, aesthetic, ...) 18. └─ggplot2 (local) extract_key(...) 19. └─scale$get_labels(breaks) 20. └─ggplot2 (local) get_labels(..., self = self) 21. └─cli::cli_abort(...) 22. └─rlang::abort(...) Execution halted Flavors: r-devel-linux-x86_64-fedora-clang, r-devel-linux-x86_64-fedora-gcc

Version: 0.3.1
Check: tests
Result: ERROR Running ‘testthat.R’ [60s/84s] Running the tests in ‘tests/testthat.R’ failed. Complete output: > library(testthat) > library(feasts) Loading required package: fabletools > > test_check("feasts") [ FAIL 2 | WARN 0 | SKIP 0 | PASS 98 ] ══ Failed tests ════════════════════════════════════════════════════════════════ ── Error ('test-graphics.R:11:3'): gg_season() plots ─────────────────────────── Error in `ggplot2::scale_color_gradientn(colours = pal, breaks = if (num_ids <= max_col_discrete) seq_len(num_ids) else ggplot2::waiver(), labels = function(idx) levels(data$id)[idx])`: `breaks` and `labels` have different lengths. Backtrace: ▆ 1. ├─testthat::expect_equal(ggplot2::layer_data(p)$y, tsbl_co2$value) at test-graphics.R:11:3 2. │ └─testthat::quasi_label(enquo(object), label, arg = "object") 3. │ └─rlang::eval_bare(expr, quo_get_env(quo)) 4. └─ggplot2::layer_data(p) 5. ├─ggplot2::ggplot_build(plot) 6. └─ggplot2:::ggplot_build.ggplot(plot) 7. └─plot$guides$build(npscales, plot$layers, plot$labels, data) 8. └─ggplot2 (local) build(..., self = self) 9. └─guides$train(scales, labels) 10. └─ggplot2 (local) train(..., self = self) 11. └─base::Map(...) 12. └─base::mapply(FUN = f, ..., SIMPLIFY = FALSE) 13. └─ggplot2 (local) `<fn>`(...) 14. └─guide$train(param, scale, aes, title = labels[[aes]]) 15. └─ggplot2 (local) train(..., self = self) 16. ├─rlang::inject(self$extract_key(scale, !!!params)) 17. └─self$extract_key(...) 18. └─ggplot2 (local) extract_key(...) 19. └─Guide$extract_key(scale, aesthetic, ...) 20. └─ggplot2 (local) extract_key(...) 21. └─scale$get_labels(breaks) 22. └─ggplot2 (local) get_labels(..., self = self) 23. └─cli::cli_abort(...) 24. └─rlang::abort(...) ── Error ('test-graphics.R:208:3'): gg_tsdisplay() plots ─────────────────────── Error in `ggplot2::scale_color_gradientn(colours = pal, breaks = if (num_ids <= max_col_discrete) seq_len(num_ids) else ggplot2::waiver(), labels = function(idx) levels(data$id)[idx])`: `breaks` and `labels` have different lengths. Backtrace: ▆ 1. ├─ggplot2::ggplot_build(p[[3]]) at test-graphics.R:208:3 2. └─ggplot2:::ggplot_build.ggplot(p[[3]]) 3. └─plot$guides$build(npscales, plot$layers, plot$labels, data) 4. └─ggplot2 (local) build(..., self = self) 5. └─guides$train(scales, labels) 6. └─ggplot2 (local) train(..., self = self) 7. └─base::Map(...) 8. └─base::mapply(FUN = f, ..., SIMPLIFY = FALSE) 9. └─ggplot2 (local) `<fn>`(...) 10. └─guide$train(param, scale, aes, title = labels[[aes]]) 11. └─ggplot2 (local) train(..., self = self) 12. ├─rlang::inject(self$extract_key(scale, !!!params)) 13. └─self$extract_key(...) 14. └─ggplot2 (local) extract_key(...) 15. └─Guide$extract_key(scale, aesthetic, ...) 16. └─ggplot2 (local) extract_key(...) 17. └─scale$get_labels(breaks) 18. └─ggplot2 (local) get_labels(..., self = self) 19. └─cli::cli_abort(...) 20. └─rlang::abort(...) [ FAIL 2 | WARN 0 | SKIP 0 | PASS 98 ] Error: Test failures Execution halted Flavor: r-devel-linux-x86_64-fedora-clang

Version: 0.3.1
Check: re-building of vignette outputs
Result: ERROR Error(s) in re-building vignettes: --- re-building ‘feasts.Rmd’ using rmarkdown Quitting from lines 49-51 [season-plot] (feasts.Rmd) Error: processing vignette 'feasts.Rmd' failed with diagnostics: `breaks` and `labels` have different lengths. --- failed re-building ‘feasts.Rmd’ SUMMARY: processing the following file failed: ‘feasts.Rmd’ Error: Vignette re-building failed. Execution halted Flavors: r-devel-linux-x86_64-fedora-clang, r-devel-linux-x86_64-fedora-gcc

Version: 0.3.1
Check: tests
Result: ERROR Running ‘testthat.R’ [63s/145s] Running the tests in ‘tests/testthat.R’ failed. Complete output: > library(testthat) > library(feasts) Loading required package: fabletools > > test_check("feasts") [ FAIL 2 | WARN 0 | SKIP 0 | PASS 98 ] ══ Failed tests ════════════════════════════════════════════════════════════════ ── Error ('test-graphics.R:11:3'): gg_season() plots ─────────────────────────── Error in `ggplot2::scale_color_gradientn(colours = pal, breaks = if (num_ids <= max_col_discrete) seq_len(num_ids) else ggplot2::waiver(), labels = function(idx) levels(data$id)[idx])`: `breaks` and `labels` have different lengths. Backtrace: ▆ 1. ├─testthat::expect_equal(ggplot2::layer_data(p)$y, tsbl_co2$value) at test-graphics.R:11:3 2. │ └─testthat::quasi_label(enquo(object), label, arg = "object") 3. │ └─rlang::eval_bare(expr, quo_get_env(quo)) 4. └─ggplot2::layer_data(p) 5. ├─ggplot2::ggplot_build(plot) 6. └─ggplot2:::ggplot_build.ggplot(plot) 7. └─plot$guides$build(npscales, plot$layers, plot$labels, data) 8. └─ggplot2 (local) build(..., self = self) 9. └─guides$train(scales, labels) 10. └─ggplot2 (local) train(..., self = self) 11. └─base::Map(...) 12. └─base::mapply(FUN = f, ..., SIMPLIFY = FALSE) 13. └─ggplot2 (local) `<fn>`(...) 14. └─guide$train(param, scale, aes, title = labels[[aes]]) 15. └─ggplot2 (local) train(..., self = self) 16. ├─rlang::inject(self$extract_key(scale, !!!params)) 17. └─self$extract_key(...) 18. └─ggplot2 (local) extract_key(...) 19. └─Guide$extract_key(scale, aesthetic, ...) 20. └─ggplot2 (local) extract_key(...) 21. └─scale$get_labels(breaks) 22. └─ggplot2 (local) get_labels(..., self = self) 23. └─cli::cli_abort(...) 24. └─rlang::abort(...) ── Error ('test-graphics.R:208:3'): gg_tsdisplay() plots ─────────────────────── Error in `ggplot2::scale_color_gradientn(colours = pal, breaks = if (num_ids <= max_col_discrete) seq_len(num_ids) else ggplot2::waiver(), labels = function(idx) levels(data$id)[idx])`: `breaks` and `labels` have different lengths. Backtrace: ▆ 1. ├─ggplot2::ggplot_build(p[[3]]) at test-graphics.R:208:3 2. └─ggplot2:::ggplot_build.ggplot(p[[3]]) 3. └─plot$guides$build(npscales, plot$layers, plot$labels, data) 4. └─ggplot2 (local) build(..., self = self) 5. └─guides$train(scales, labels) 6. └─ggplot2 (local) train(..., self = self) 7. └─base::Map(...) 8. └─base::mapply(FUN = f, ..., SIMPLIFY = FALSE) 9. └─ggplot2 (local) `<fn>`(...) 10. └─guide$train(param, scale, aes, title = labels[[aes]]) 11. └─ggplot2 (local) train(..., self = self) 12. ├─rlang::inject(self$extract_key(scale, !!!params)) 13. └─self$extract_key(...) 14. └─ggplot2 (local) extract_key(...) 15. └─Guide$extract_key(scale, aesthetic, ...) 16. └─ggplot2 (local) extract_key(...) 17. └─scale$get_labels(breaks) 18. └─ggplot2 (local) get_labels(..., self = self) 19. └─cli::cli_abort(...) 20. └─rlang::abort(...) [ FAIL 2 | WARN 0 | SKIP 0 | PASS 98 ] Error: Test failures Execution halted Flavor: r-devel-linux-x86_64-fedora-gcc

Version: 0.3.1
Check: package dependencies
Result: NOTE Package suggested but not available for checking: ‘fable’ Flavor: r-release-macos-x86_64