Last updated on 2024-08-16 00:48:20 CEST.
Flavor | Version | Tinstall | Tcheck | Ttotal | Status | Flags |
---|---|---|---|---|---|---|
r-devel-linux-x86_64-debian-clang | 0.1.4 | 6.54 | 48.78 | 55.32 | OK | |
r-devel-linux-x86_64-debian-gcc | 0.1.4 | 4.31 | 35.37 | 39.68 | OK | |
r-devel-linux-x86_64-fedora-clang | 0.1.4 | 88.51 | NOTE | |||
r-devel-linux-x86_64-fedora-gcc | 0.1.4 | 95.82 | NOTE | |||
r-devel-windows-x86_64 | 0.1.4 | 10.00 | 67.00 | 77.00 | OK | |
r-patched-linux-x86_64 | 0.1.4 | 5.46 | 46.61 | 52.07 | OK | |
r-release-linux-x86_64 | 0.1.4 | 5.71 | 45.64 | 51.35 | OK | |
r-release-macos-arm64 | 0.1.4 | 36.00 | OK | |||
r-release-macos-x86_64 | 0.1.4 | 58.00 | OK | |||
r-release-windows-x86_64 | 0.1.4 | 10.00 | 66.00 | 76.00 | OK | |
r-oldrel-macos-arm64 | 0.1.4 | 37.00 | OK | |||
r-oldrel-macos-x86_64 | 0.1.4 | 66.00 | OK | |||
r-oldrel-windows-x86_64 | 0.1.4 | 12.00 | 77.00 | 89.00 | OK |
Version: 0.1.4
Check: data for non-ASCII characters
Result: NOTE
Note: found 20 marked UTF-8 strings
Flavors: r-devel-linux-x86_64-fedora-clang, r-devel-linux-x86_64-fedora-gcc