Last updated on 2023-11-29 01:49:21 CET.
Flavor | Version | Tinstall | Tcheck | Ttotal | Status | Flags |
---|---|---|---|---|---|---|
r-devel-linux-x86_64-debian-clang | 0.1.7.2 | 142.57 | 85.31 | 227.88 | NOTE | |
r-devel-linux-x86_64-debian-gcc | 0.1.7.2 | 96.16 | 63.18 | 159.34 | NOTE | |
r-devel-linux-x86_64-fedora-clang | 0.1.7.2 | 321.73 | NOTE | |||
r-devel-linux-x86_64-fedora-gcc | 0.1.7.2 | 332.64 | NOTE | |||
r-devel-windows-x86_64 | 0.1.7.2 | 87.00 | 107.00 | 194.00 | NOTE | |
r-patched-linux-x86_64 | 0.1.7.2 | 119.29 | 82.24 | 201.53 | OK | |
r-release-linux-x86_64 | 0.1.7.2 | 117.65 | 80.38 | 198.03 | OK | |
r-release-macos-arm64 | 0.1.7.2 | 95.00 | NOTE | |||
r-release-macos-x86_64 | 0.1.7.2 | 140.00 | NOTE | |||
r-release-windows-x86_64 | 0.1.7.2 | 102.00 | 132.00 | 234.00 | OK | |
r-oldrel-macos-arm64 | 0.1.7.2 | 90.00 | NOTE | |||
r-oldrel-macos-x86_64 | 0.1.7.2 | 97.00 | NOTE | |||
r-oldrel-windows-x86_64 | 0.1.7.2 | 126.00 | 116.00 | 242.00 | OK |
Version: 0.1.7.2
Check: Rd \usage sections
Result: NOTE
Documented arguments not in \usage in Rd file 'checkStream.Rd':
‘skipChecks’
Documented arguments not in \usage in Rd file 'cpp_detectCUSUMMeanSinglePrechange.Rd':
‘BL’
Documented arguments not in \usage in Rd file 'cpp_detectEWMAMeanSinglePrechange.Rd':
‘BL’
Documented arguments not in \usage in Rd file 'makeStreamMeanChangeR.Rd':
‘x’
Documented arguments not in \usage in Rd file 'update_Omega.Rd':
‘m_new’
Functions with \usage entries need to have the appropriate \alias
entries, and all their arguments documented.
The \usage entries must correspond to syntactically valid R code.
See chapter ‘Writing R documentation files’ in the ‘Writing R
Extensions’ manual.
Flavors: r-devel-linux-x86_64-debian-clang, r-devel-linux-x86_64-debian-gcc, r-devel-linux-x86_64-fedora-clang, r-devel-linux-x86_64-fedora-gcc, r-devel-windows-x86_64
Version: 0.1.7.2
Check: installed package size
Result: NOTE
installed size is 9.6Mb
sub-directories of 1Mb or more:
libs 9.2Mb
Flavors: r-release-macos-arm64, r-release-macos-x86_64, r-oldrel-macos-arm64, r-oldrel-macos-x86_64