CRAN Package Check Results for Package fishMod

Last updated on 2024-02-26 12:54:23 CET.

Flavor Version Tinstall Tcheck Ttotal Status Flags
r-devel-linux-x86_64-debian-clang 0.29 5.66 27.82 33.48 NOTE
r-devel-linux-x86_64-debian-gcc 0.29 4.41 21.68 26.09 NOTE
r-devel-linux-x86_64-fedora-clang 0.29 45.99 NOTE
r-devel-linux-x86_64-fedora-gcc 0.29 40.88 NOTE
r-devel-windows-x86_64 0.29 7.00 51.00 58.00 NOTE
r-patched-linux-x86_64 0.29 5.79 27.63 33.42 NOTE
r-release-linux-x86_64 0.29 4.70 27.49 32.19 NOTE
r-release-macos-arm64 0.29 21.00 NOTE
r-release-macos-x86_64 0.29 28.00 NOTE
r-release-windows-x86_64 0.29 8.00 51.00 59.00 NOTE
r-oldrel-macos-arm64 0.29 43.00 OK
r-oldrel-windows-x86_64 0.29 14.00 58.00 72.00 OK

Check Details

Version: 0.29
Check: C++ specification
Result: NOTE Specified C++11: please drop specification unless essential Flavors: r-devel-linux-x86_64-debian-clang, r-devel-linux-x86_64-debian-gcc, r-devel-linux-x86_64-fedora-clang, r-devel-linux-x86_64-fedora-gcc, r-devel-windows-x86_64, r-patched-linux-x86_64, r-release-linux-x86_64, r-release-macos-arm64, r-release-macos-x86_64, r-release-windows-x86_64

Version: 0.29
Check: compiled code
Result: NOTE File ‘fishMod/libs/fishMod.so’: Found no calls to: ‘R_registerRoutines’, ‘R_useDynamicSymbols’ It is good practice to register native routines and to disable symbol search. See ‘Writing portable packages’ in the ‘Writing R Extensions’ manual. Flavors: r-devel-linux-x86_64-fedora-clang, r-devel-linux-x86_64-fedora-gcc