CRAN Package Check Results for Package fitteR

Last updated on 2024-02-26 12:54:23 CET.

Flavor Version Tinstall Tcheck Ttotal Status Flags
r-devel-linux-x86_64-debian-clang 0.2.0 8.05 69.83 77.88 NOTE
r-devel-linux-x86_64-debian-gcc 0.2.0 6.23 51.92 58.15 NOTE
r-devel-linux-x86_64-fedora-clang 0.2.0 100.47 NOTE
r-devel-linux-x86_64-fedora-gcc 0.2.0 97.90 NOTE
r-devel-windows-x86_64 0.2.0 8.00 71.00 79.00 NOTE
r-patched-linux-x86_64 0.2.0 4.97 67.05 72.02 NOTE
r-release-linux-x86_64 0.2.0 6.91 67.61 74.52 NOTE
r-release-macos-arm64 0.2.0 34.00 NOTE
r-release-macos-x86_64 0.2.0 46.00 NOTE
r-release-windows-x86_64 0.2.0 9.00 77.00 86.00 NOTE
r-oldrel-macos-arm64 0.2.0 32.00 OK
r-oldrel-windows-x86_64 0.2.0 10.00 84.00 94.00 NOTE

Check Details

Version: 0.2.0
Check: package dependencies
Result: NOTE Packages suggested but not available for checking: 'nCDunnett', 'reliaR', 'STAR' Flavors: r-devel-linux-x86_64-debian-clang, r-devel-linux-x86_64-debian-gcc, r-devel-linux-x86_64-fedora-clang, r-devel-linux-x86_64-fedora-gcc, r-patched-linux-x86_64, r-release-linux-x86_64

Version: 0.2.0
Check: package dependencies
Result: NOTE Packages suggested but not available for checking: 'reliaR', 'STAR' Flavors: r-devel-windows-x86_64, r-release-windows-x86_64, r-oldrel-windows-x86_64

Version: 0.2.0
Check: package dependencies
Result: NOTE Packages suggested but not available for checking: 'benchden', 'reliaR', 'STAR' Flavors: r-release-macos-arm64, r-release-macos-x86_64