Last updated on 2024-08-16 00:48:20 CEST.
Flavor | Version | Tinstall | Tcheck | Ttotal | Status | Flags |
---|---|---|---|---|---|---|
r-devel-linux-x86_64-debian-clang | 1.5.0 | 7.18 | 83.86 | 91.04 | OK | |
r-devel-linux-x86_64-debian-gcc | 1.5.0 | 5.49 | 64.35 | 69.84 | OK | |
r-devel-linux-x86_64-fedora-clang | 1.5.0 | 149.30 | OK | |||
r-devel-linux-x86_64-fedora-gcc | 1.5.0 | 156.73 | OK | |||
r-devel-windows-x86_64 | 1.5.0 | 12.00 | 113.00 | 125.00 | OK | |
r-patched-linux-x86_64 | 1.5.0 | 8.48 | 80.04 | 88.52 | OK | |
r-release-linux-x86_64 | 1.5.0 | 7.27 | 75.76 | 83.03 | ERROR | |
r-release-macos-arm64 | 1.5.0 | 63.00 | OK | |||
r-release-macos-x86_64 | 1.5.0 | 156.00 | OK | |||
r-release-windows-x86_64 | 1.5.0 | 13.00 | 114.00 | 127.00 | OK | |
r-oldrel-macos-arm64 | 1.5.0 | 72.00 | OK | |||
r-oldrel-macos-x86_64 | 1.5.0 | 120.00 | OK | |||
r-oldrel-windows-x86_64 | 1.5.0 | 15.00 | 125.00 | 140.00 | OK |
Version: 1.5.0
Check: tests
Result: ERROR
Running ‘spelling.R’ [0s/0s]
Running ‘testthat.R’ [10s/44s]
Running the tests in ‘tests/testthat.R’ failed.
Complete output:
> # This file is part of the standard setup for testthat.
> # It is recommended that you do not modify it.
> #
> # Where should you do additional test configuration?
> # Learn more about the roles of various files in:
> # * https://r-pkgs.org/tests.html
> # * https://testthat.r-lib.org/reference/test_package.html#special-files
>
> library(testthat)
> library(fitzRoy)
>
> test_check("fitzRoy")
Starting 2 test processes
[ FAIL 1 | WARN 0 | SKIP 59 | PASS 63 ]
══ Skipped tests (59) ══════════════════════════════════════════════════════════
• On CRAN (59): 'test-fetch-results.R:10:3', 'test-fetch-results.R:33:3',
'test-fetch-results.R:50:3', 'test-fetch-results.R:67:3',
'test-fetch-results.R:87:3', 'test-fetch-results.R:101:3',
'test-fetch-results.R:112:3', 'test-fetch-results.R:121:3',
'test-fetch-results.R:130:3', 'test-fetch-fixture.R:2:3',
'test-fetch-fixture.R:26:3', 'test-fetch-fixture.R:46:3',
'test-fetch-fixture.R:67:3', 'test-fetch-fixture.R:88:3',
'test-fetch-fixture.R:101:3', 'test-fetch-fixture.R:114:3',
'test-fetch-fixture.R:125:3', 'test-fetch-fixture.R:147:3',
'test-fetch-fixture.R:164:3', 'test-fetch-betting-odds.R:2:3',
'test-fetch-ladder.R:2:3', 'test-fetch-ladder.R:33:3',
'test-fetch-ladder.R:53:3', 'test-fetch-ladder.R:74:3',
'test-fetch-ladder.R:84:3', 'test-fetch-player-details.R:2:3',
'test-fetch-player-details.R:25:3', 'test-fetch-player-details.R:37:3',
'test-fetch-player-details.R:57:3', 'test-fetch-player-details.R:84:3',
'test-fetch-player-details.R:104:3', 'test-fetch-squiggle_data.R:2:3',
'test-fetch-squiggle_data.R:18:3', 'test-fetch-squiggle_data.R:57:3',
'test-fetch_lineup.R:2:3', 'test-fetch_lineup.R:37:3',
'test-fetch_lineup.R:60:3', 'test-fetch_lineup.R:74:3',
'test-fetch_lineup.R:87:3', 'test-fetch_lineup.R:98:3',
'test-fetch_lineup.R:120:3', 'test-fetch_lineup.R:137:3',
'test-helpers-footywire.R:3:3', 'test-helpers-footywire.R:14:3',
'test-coaches-votes.R:2:3', 'test-coaches-votes.R:17:3',
'test-helpers-afl.R:11:3', 'test-helpers-afl.R:21:3',
'test-helpers-afl.R:31:3', 'test-helpers-afltables-playerstats.R:2:3',
'test-helpers-afltables-playerstats.R:17:3',
'test-helpers-afltables-playerstats.R:27:3', 'test-helpers-afltables.R:19:3',
'test-helpers-general.R:2:3', 'test-helpers-general.R:14:3',
'test-helpers-general.R:27:3', 'test-helpers-general.R:44:3',
'test-helpers-general.R:69:3', 'test-womens_stats.R:11:3'
══ Failed tests ════════════════════════════════════════════════════════════════
── Error ('test-fetch-player-stats.R:5:1'): (code run outside of `test_that()`) ──
Error in `(function (con, what, n = 1L, size = NA_integer_, signed = TRUE,
endian = .Platform$endian)
{
if (!endian %in% c("big", "little", "swap"))
stop("invalid 'endian' argument")
if (is.character(con)) {
con <- file(con, "rb")
on.exit(close(con))
}
swap <- endian != .Platform$endian
if (!is.character(what) || is.na(what) || length(what) !=
1L || !any(what == c("numeric", "double", "integer",
"int", "logical", "complex", "character", "raw")))
what <- typeof(what)
.Internal(readBin(con, what, n, size, signed, swap))
})(structure(4L, class = c("curl", "connection"), conn_id = <pointer: 0x109>),
raw(0), 131071L)`: Transferred a partial file
Backtrace:
▆
1. ├─fitzRoy::fetch_results_afltables(current_year) at test-fetch-player-stats.R:5:1
2. │ └─readr::read_fwf(url_text, skip = 2, col_positions = cols, col_types = c("dcccccccc"))
3. │ └─vroom::vroom_fwf(...)
4. │ └─vroom:::vroom_fwf_(...)
5. └─base (local) `<fn>`(`<curl>`, `<raw>`, 131071L)
[ FAIL 1 | WARN 0 | SKIP 59 | PASS 63 ]
Error: Test failures
Execution halted
Flavor: r-release-linux-x86_64