CRAN Package Check Results for Package flexmixNL

Last updated on 2025-04-23 00:50:34 CEST.

Flavor Version Tinstall Tcheck Ttotal Status Flags
r-devel-linux-x86_64-debian-clang 0.0.1 9.74 69.04 78.78 NOTE
r-devel-linux-x86_64-debian-gcc 0.0.1 7.87 49.89 57.76 NOTE
r-devel-linux-x86_64-fedora-clang 0.0.1 122.22 OK
r-devel-linux-x86_64-fedora-gcc 0.0.1 117.23 OK
r-devel-windows-x86_64 0.0.1 11.00 82.00 93.00 NOTE
r-patched-linux-x86_64 0.0.1 9.13 66.22 75.35 NOTE
r-release-linux-x86_64 0.0.1 9.80 66.37 76.17 NOTE
r-release-macos-arm64 0.0.1 42.00 OK
r-release-macos-x86_64 0.0.1 68.00 OK
r-release-windows-x86_64 0.0.1 10.00 83.00 93.00 NOTE
r-oldrel-macos-arm64 0.0.1 37.00 OK
r-oldrel-macos-x86_64 0.0.1 69.00 OK
r-oldrel-windows-x86_64 0.0.1 13.00 98.00 111.00 OK

Check Details

Version: 0.0.1
Check: Rd cross-references
Result: NOTE Found the following Rd file(s) with Rd \link{} targets missing package anchors: FLXMRnlm.Rd: gnm, flexmix flexmixNL-package.Rd: flexmix, gnm Please provide package anchors for all Rd \link{} targets not in the package itself and the base packages. Flavors: r-devel-linux-x86_64-debian-clang, r-devel-linux-x86_64-debian-gcc, r-devel-windows-x86_64, r-patched-linux-x86_64, r-release-linux-x86_64, r-release-windows-x86_64