CRAN Package Check Results for Package forestecology

Last updated on 2024-02-25 01:48:59 CET.

Flavor Version Tinstall Tcheck Ttotal Status Flags
r-devel-linux-x86_64-debian-clang 0.2.0 11.69 1935.84 1947.53 WARN
r-devel-linux-x86_64-debian-gcc 0.2.0 8.37 92.50 100.87 NOTE
r-devel-linux-x86_64-fedora-clang 0.2.0 157.71 NOTE
r-devel-linux-x86_64-fedora-gcc 0.2.0 186.19 NOTE
r-devel-windows-x86_64 0.2.0 12.00 108.00 120.00 NOTE
r-patched-linux-x86_64 0.2.0 8.86 109.43 118.29 NOTE
r-release-linux-x86_64 0.2.0 7.84 111.00 118.84 NOTE
r-release-macos-arm64 0.2.0 54.00 NOTE
r-release-macos-x86_64 0.2.0 89.00 NOTE
r-release-windows-x86_64 0.2.0 16.00 124.00 140.00 NOTE
r-oldrel-macos-arm64 0.2.0 58.00 NOTE
r-oldrel-windows-x86_64 0.2.0 16.00 141.00 157.00 OK

Check Details

Version: 0.2.0
Check: package subdirectories
Result: NOTE Problems with news in ‘NEWS.md’: Cannot extract version info from the following section titles: Previous versions (not tagged nor released) Flavors: r-devel-linux-x86_64-debian-clang, r-devel-linux-x86_64-debian-gcc, r-devel-linux-x86_64-fedora-clang, r-devel-linux-x86_64-fedora-gcc, r-devel-windows-x86_64, r-patched-linux-x86_64, r-release-linux-x86_64, r-release-macos-arm64, r-release-macos-x86_64, r-release-windows-x86_64

Version: 0.2.0
Check: Rd files
Result: NOTE checkRd: (-1) species_bw.Rd:23: Lost braces 23 | between trees." \doi{10.1371/journal.pone.0229930}{PLOS One 15: e0229930}. | ^ Flavors: r-devel-linux-x86_64-debian-clang, r-devel-linux-x86_64-debian-gcc

Version: 0.2.0
Check: for missing documentation entries
Result: WARN Assertion failure at kmp_runtime.cpp(6891): temp_reg_status_file_name. Assertion failure at kmp_runtime.cpp(6891): temp_reg_status_file_name. Killed All user-level objects in a package should have documentation entries. See chapter ‘Writing R documentation files’ in the ‘Writing R Extensions’ manual. Flavor: r-devel-linux-x86_64-debian-clang

Version: 0.2.0
Check: dependencies in R code
Result: NOTE Namespaces in Imports field not imported from: ‘blockCV’ ‘patchwork’ All declared Imports should be used. Flavors: r-devel-linux-x86_64-fedora-clang, r-devel-linux-x86_64-fedora-gcc, r-oldrel-macos-arm64