CRAN Package Check Results for Package formattable

Last updated on 2024-03-03 13:54:14 CET.

Flavor Version Tinstall Tcheck Ttotal Status Flags
r-devel-linux-x86_64-debian-clang 0.2.1 4.36 52.61 56.97 NOTE
r-devel-linux-x86_64-debian-gcc 0.2.1 3.21 40.29 43.50 NOTE
r-devel-linux-x86_64-fedora-clang 0.2.1 71.00 NOTE
r-devel-linux-x86_64-fedora-gcc 0.2.1 82.53 NOTE
r-devel-windows-x86_64 0.2.1 6.00 69.00 75.00 NOTE
r-patched-linux-x86_64 0.2.1 4.91 51.78 56.69 NOTE
r-release-linux-x86_64 0.2.1 4.71 50.67 55.38 NOTE
r-release-macos-arm64 0.2.1 34.00 NOTE
r-release-macos-x86_64 0.2.1 51.00 NOTE
r-release-windows-x86_64 0.2.1 7.00 76.00 83.00 NOTE
r-oldrel-macos-arm64 0.2.1 26.00 NOTE
r-oldrel-windows-x86_64 0.2.1 6.00 74.00 80.00 NOTE

Check Details

Version: 0.2.1
Check: LazyData
Result: NOTE 'LazyData' is specified without a 'data' directory Flavors: r-devel-linux-x86_64-debian-clang, r-devel-linux-x86_64-debian-gcc, r-devel-linux-x86_64-fedora-clang, r-devel-linux-x86_64-fedora-gcc, r-devel-windows-x86_64, r-patched-linux-x86_64, r-release-linux-x86_64, r-release-macos-arm64, r-release-macos-x86_64, r-release-windows-x86_64, r-oldrel-macos-arm64, r-oldrel-windows-x86_64