CRAN Package Check Results for Package fractD

Last updated on 2024-04-22 01:49:32 CEST.

Flavor Version Tinstall Tcheck Ttotal Status Flags
r-devel-linux-x86_64-debian-clang 0.1.0 1.98 53.22 55.20 NOTE
r-devel-linux-x86_64-debian-gcc 0.1.0 2.16 42.26 44.42 NOTE
r-devel-linux-x86_64-fedora-clang 0.1.0 75.44 NOTE
r-devel-linux-x86_64-fedora-gcc 0.1.0 83.94 NOTE
r-prerel-macos-arm64 0.1.0 32.00 NOTE
r-prerel-windows-x86_64 0.1.0 4.00 74.00 78.00 NOTE
r-patched-linux-x86_64 0.1.0 2.06 55.46 57.52 NOTE
r-release-linux-x86_64 0.1.0 2.54 52.11 54.65 NOTE
r-release-macos-arm64 0.1.0 35.00 NOTE
r-release-macos-x86_64 0.1.0 49.00 NOTE
r-release-windows-x86_64 0.1.0 5.00 73.00 78.00 NOTE
r-oldrel-macos-arm64 0.1.0 35.00 NOTE
r-oldrel-windows-x86_64 0.1.0 4.00 79.00 83.00 NOTE

Check Details

Version: 0.1.0
Check: LazyData
Result: NOTE 'LazyData' is specified without a 'data' directory Flavors: r-devel-linux-x86_64-debian-clang, r-devel-linux-x86_64-debian-gcc, r-devel-linux-x86_64-fedora-clang, r-devel-linux-x86_64-fedora-gcc, r-prerel-macos-arm64, r-prerel-windows-x86_64, r-patched-linux-x86_64, r-release-linux-x86_64, r-release-macos-arm64, r-release-macos-x86_64, r-release-windows-x86_64, r-oldrel-macos-arm64, r-oldrel-windows-x86_64