Last updated on 2023-11-28 12:51:26 CET.
Flavor | Version | Tinstall | Tcheck | Ttotal | Status | Flags |
---|---|---|---|---|---|---|
r-devel-linux-x86_64-debian-clang | 1.2 | 209.77 | 50.72 | 260.49 | OK | |
r-devel-linux-x86_64-debian-gcc | 1.2 | 142.90 | 38.05 | 180.95 | OK | |
r-devel-linux-x86_64-fedora-clang | 1.2 | 437.50 | OK | |||
r-devel-linux-x86_64-fedora-gcc | 1.2 | 403.83 | OK | |||
r-devel-windows-x86_64 | 1.2 | 156.00 | 90.00 | 246.00 | OK | |
r-patched-linux-x86_64 | 1.2 | 185.91 | 51.20 | 237.11 | OK | |
r-release-linux-x86_64 | 1.2 | 170.68 | 51.43 | 222.11 | OK | |
r-release-macos-arm64 | 1.2 | 70.00 | NOTE | |||
r-release-macos-x86_64 | 1.2 | 81.00 | NOTE | |||
r-release-windows-x86_64 | 1.2 | 205.00 | 93.00 | 298.00 | OK | |
r-oldrel-macos-arm64 | 1.2 | 66.00 | NOTE | |||
r-oldrel-macos-x86_64 | 1.2 | 105.00 | NOTE | |||
r-oldrel-windows-x86_64 | 1.2 | 190.00 | 87.00 | 277.00 | OK |
Version: 1.2
Check: installed package size
Result: NOTE
installed size is 5.4Mb
sub-directories of 1Mb or more:
libs 5.1Mb
Flavors: r-release-macos-arm64, r-release-macos-x86_64, r-oldrel-macos-arm64, r-oldrel-macos-x86_64