Last updated on 2023-12-05 13:49:34 CET.
Flavor | Version | Tinstall | Tcheck | Ttotal | Status | Flags |
---|---|---|---|---|---|---|
r-devel-linux-x86_64-debian-clang | 0.5.2 | 11.12 | 437.64 | 448.76 | NOTE | |
r-devel-linux-x86_64-debian-gcc | 0.5.2 | 7.62 | 331.81 | 339.43 | NOTE | |
r-devel-linux-x86_64-fedora-clang | 0.5.2 | 535.46 | OK | |||
r-devel-linux-x86_64-fedora-gcc | 0.5.2 | 622.08 | OK | |||
r-devel-windows-x86_64 | 0.5.2 | 12.00 | 335.00 | 347.00 | OK | |
r-patched-linux-x86_64 | 0.5.2 | 8.46 | 423.29 | 431.75 | OK | |
r-release-linux-x86_64 | 0.5.2 | 8.47 | 423.85 | 432.32 | OK | |
r-release-macos-arm64 | 0.5.2 | 253.00 | OK | |||
r-release-macos-x86_64 | 0.5.2 | 483.00 | OK | |||
r-release-windows-x86_64 | 0.5.2 | 14.00 | 423.00 | 437.00 | OK | |
r-oldrel-macos-arm64 | 0.5.2 | 242.00 | OK | |||
r-oldrel-macos-x86_64 | 0.5.2 | 298.00 | OK | |||
r-oldrel-windows-x86_64 | 0.5.2 | 16.00 | 459.00 | 475.00 | OK |
Version: 0.5.2
Check: Rd files
Result: NOTE
checkRd: (-1) add_flat_template.Rd:81: Lost braces; missing escapes or markup?
81 | \item "minimal_package": Minimal template to start a new package when you already know {fusen}, along with the "dev_history" template. Note that this is called "minimal" in \code{create_fusen()}.
| ^
checkRd: (-1) init_share_on_github.Rd:17: Lost braces; missing escapes or markup?
17 | This uses {pkgdown} to share the documentation of the package through GitHub Actions.
| ^
checkRd: (-1) init_share_on_github.Rd:36: Lost braces; missing escapes or markup?
36 | \item Init continuous deployment (CD) of the {pkgdown} website documentation
| ^
Flavors: r-devel-linux-x86_64-debian-clang, r-devel-linux-x86_64-debian-gcc