Last updated on 2023-12-06 12:53:34 CET.
Flavor | Version | Tinstall | Tcheck | Ttotal | Status | Flags |
---|---|---|---|---|---|---|
r-devel-linux-x86_64-debian-clang | 1.1.5 | 60.75 | 637.88 | 698.63 | OK | |
r-devel-linux-x86_64-debian-gcc | 1.1.5 | 48.72 | 471.49 | 520.21 | OK | |
r-devel-linux-x86_64-fedora-clang | 1.1.5 | 924.08 | NOTE | |||
r-devel-linux-x86_64-fedora-gcc | 1.1.5 | 766.47 | OK | |||
r-devel-windows-x86_64 | 1.1.5 | 53.00 | 427.00 | 480.00 | NOTE | |
r-patched-linux-x86_64 | 1.1.5 | 42.15 | 604.57 | 646.72 | OK | |
r-release-linux-x86_64 | 1.1.5 | 52.41 | 605.20 | 657.61 | OK | |
r-release-macos-arm64 | 1.1.5 | 259.00 | NOTE | |||
r-release-macos-x86_64 | 1.1.5 | 540.00 | NOTE | |||
r-release-windows-x86_64 | 1.1.5 | 72.00 | 566.00 | 638.00 | NOTE | |
r-oldrel-macos-arm64 | 1.1.5 | 9.00 | ERROR | |||
r-oldrel-macos-x86_64 | 1.1.5 | 12.00 | ERROR | |||
r-oldrel-windows-x86_64 | 1.1.5 | 67.00 | 511.00 | 578.00 | ERROR |
Version: 1.1.5
Check: installed package size
Result: NOTE
installed size is 10.6Mb
sub-directories of 1Mb or more:
doc 9.3Mb
Flavors: r-devel-linux-x86_64-fedora-clang, r-devel-windows-x86_64, r-release-macos-arm64, r-release-macos-x86_64, r-release-windows-x86_64, r-oldrel-windows-x86_64
Version: 1.1.5
Check: package dependencies
Result: ERROR
Package required but not available: ‘cBioPortalData’
See section ‘The DESCRIPTION file’ in the ‘Writing R Extensions’
manual.
Flavors: r-oldrel-macos-arm64, r-oldrel-macos-x86_64
Version: 1.1.5
Check: re-building of vignette outputs
Result: ERROR
Error(s) in re-building vignettes:
--- re-building 'chart_themes.Rmd' using rmarkdown
--- finished re-building 'chart_themes.Rmd'
--- re-building 'introduction.Rmd' using rmarkdown
Quitting from lines 240-253 [unnamed-chunk-6] (introduction.Rmd)
Error: processing vignette 'introduction.Rmd' failed with diagnostics:
Failed to collect lazy table.
Caused by error in `db_collect()`:
! Arguments in `...` must be used.
✖ Problematic argument:
• ..1 = Inf
ℹ Did you misspell an argument name?
--- failed re-building 'introduction.Rmd'
SUMMARY: processing the following file failed:
'introduction.Rmd'
Error: Vignette re-building failed.
Execution halted
Flavor: r-oldrel-windows-x86_64