Last updated on 2023-12-01 00:51:57 CET.
Flavor | Version | Tinstall | Tcheck | Ttotal | Status | Flags |
---|---|---|---|---|---|---|
r-devel-linux-x86_64-debian-clang | 1.5.0 | 10.68 | 317.27 | 327.95 | NOTE | |
r-devel-linux-x86_64-debian-gcc | 1.5.0 | 8.42 | 235.94 | 244.36 | NOTE | |
r-devel-linux-x86_64-fedora-clang | 1.5.0 | 417.75 | OK | |||
r-devel-linux-x86_64-fedora-gcc | 1.5.0 | 422.13 | OK | |||
r-devel-windows-x86_64 | 1.5.0 | 11.00 | 237.00 | 248.00 | OK | |
r-patched-linux-x86_64 | 1.5.0 | 15.27 | 304.19 | 319.46 | OK | |
r-release-linux-x86_64 | 1.5.0 | 6.71 | 302.68 | 309.39 | OK | |
r-release-macos-arm64 | 1.5.0 | 123.00 | OK | |||
r-release-macos-x86_64 | 1.5.0 | 120.00 | OK | |||
r-release-windows-x86_64 | 1.5.0 | 14.00 | 313.00 | 327.00 | OK | |
r-oldrel-macos-arm64 | 1.5.0 | 137.00 | OK | |||
r-oldrel-macos-x86_64 | 1.5.0 | 160.00 | OK | |||
r-oldrel-windows-x86_64 | 1.5.0 | 15.00 | 302.00 | 317.00 | OK |
Version: 1.5.0
Check: Rd files
Result: NOTE
checkRd: (-1) plotRectangle3D.Rd:27: Lost braces; missing escapes or markup?
27 | The rectangle is defined by {x|a <= x <= b} where a is the minimum values and
| ^
Flavors: r-devel-linux-x86_64-debian-clang, r-devel-linux-x86_64-debian-gcc