Last updated on 2023-12-08 13:50:00 CET.
Flavor | Version | Tinstall | Tcheck | Ttotal | Status | Flags |
---|---|---|---|---|---|---|
r-devel-linux-x86_64-debian-clang | 1.5.9 | 764.13 | 120.37 | 884.50 | NOTE | |
r-devel-linux-x86_64-debian-gcc | 1.6 | 570.24 | 110.66 | 680.90 | OK | |
r-devel-linux-x86_64-fedora-clang | 1.6 | 1402.20 | NOTE | |||
r-devel-linux-x86_64-fedora-gcc | 1.6 | 1012.68 | OK | |||
r-devel-windows-x86_64 | 1.6 | 442.00 | 181.00 | 623.00 | NOTE | |
r-patched-linux-x86_64 | 1.5.9 | 653.09 | 139.84 | 792.93 | NOTE | |
r-release-linux-x86_64 | 1.5.9 | 662.10 | 138.70 | 800.80 | NOTE | |
r-release-macos-arm64 | 1.6 | 279.00 | NOTE | |||
r-release-macos-x86_64 | 1.6 | 318.00 | NOTE | |||
r-release-windows-x86_64 | 1.5.9 | 673.00 | 201.00 | 874.00 | NOTE | |
r-oldrel-macos-arm64 | 1.6 | 249.00 | NOTE | |||
r-oldrel-macos-x86_64 | 1.5.9 | 347.00 | NOTE | |||
r-oldrel-windows-x86_64 | 1.5.9 | 654.00 | 192.00 | 846.00 | NOTE |
Version: 1.5.9
Check: C++ specification
Result: NOTE
Specified C++11: please drop specification unless essential
Flavors: r-devel-linux-x86_64-debian-clang, r-patched-linux-x86_64, r-release-linux-x86_64, r-release-windows-x86_64
Version: 1.5.9
Check: Rd files
Result: NOTE
checkRd: (-1) logistic.mm.aireml.Rd:33: Lost braces; missing escapes or markup?
33 | {logit P(Y=1|X,omega_1,...,omega_k) = X beta + omega_1 + ... + omega_k}
| ^
Flavor: r-devel-linux-x86_64-debian-clang
Version: 1.6
Check: installed package size
Result: NOTE
installed size is 5.5Mb
sub-directories of 1Mb or more:
extdata 1.6Mb
libs 1.8Mb
Flavors: r-devel-linux-x86_64-fedora-clang, r-devel-windows-x86_64, r-release-macos-arm64, r-release-macos-x86_64, r-oldrel-macos-arm64
Version: 1.5.9
Check: installed package size
Result: NOTE
installed size is 6.3Mb
sub-directories of 1Mb or more:
extdata 1.6Mb
libs 2.8Mb
Flavors: r-release-windows-x86_64, r-oldrel-macos-x86_64, r-oldrel-windows-x86_64