Last updated on 2024-08-16 00:48:21 CEST.
Flavor | Version | Tinstall | Tcheck | Ttotal | Status | Flags |
---|---|---|---|---|---|---|
r-devel-linux-x86_64-debian-clang | 0.1.0 | 24.83 | 27.20 | 52.03 | OK | |
r-devel-linux-x86_64-debian-gcc | 0.1.0 | 18.17 | 22.88 | 41.05 | OK | |
r-devel-linux-x86_64-fedora-clang | 0.1.0 | 87.72 | OK | |||
r-devel-linux-x86_64-fedora-gcc | 0.1.0 | 108.64 | OK | |||
r-devel-windows-x86_64 | 0.1.0 | 28.00 | 63.00 | 91.00 | OK | |
r-patched-linux-x86_64 | 0.1.0 | 24.89 | 28.26 | 53.15 | OK | |
r-release-linux-x86_64 | 0.1.0 | 24.60 | 28.17 | 52.77 | OK | |
r-release-macos-arm64 | 0.1.0 | 31.00 | NOTE | |||
r-release-macos-x86_64 | 0.1.0 | 49.00 | NOTE | |||
r-release-windows-x86_64 | 0.1.0 | 27.00 | 75.00 | 102.00 | OK | |
r-oldrel-macos-arm64 | 0.1.0 | 36.00 | NOTE | |||
r-oldrel-macos-x86_64 | 0.1.0 | 54.00 | NOTE | |||
r-oldrel-windows-x86_64 | 0.1.0 | 31.00 | 73.00 | 104.00 | OK |
Version: 0.1.0
Check: installed package size
Result: NOTE
installed size is 6.6Mb
sub-directories of 1Mb or more:
libs 6.5Mb
Flavors: r-release-macos-arm64, r-release-macos-x86_64, r-oldrel-macos-arm64, r-oldrel-macos-x86_64