CRAN Package Check Results for Package gdata

Last updated on 2024-02-28 13:53:15 CET.

Flavor Version Tinstall Tcheck Ttotal Status Flags
r-devel-linux-x86_64-debian-clang 3.0.0 4.95 54.54 59.49 NOTE
r-devel-linux-x86_64-debian-gcc 3.0.0 3.70 42.03 45.73 NOTE
r-devel-linux-x86_64-fedora-clang 3.0.0 74.34 NOTE
r-devel-linux-x86_64-fedora-gcc 3.0.0 88.22 NOTE
r-devel-windows-x86_64 3.0.0 5.00 91.00 96.00 OK
r-patched-linux-x86_64 3.0.0 7.19 53.87 61.06 OK
r-release-linux-x86_64 3.0.0 3.92 52.70 56.62 OK
r-release-macos-arm64 3.0.0 38.00 OK
r-release-macos-x86_64 3.0.0 68.00 OK
r-release-windows-x86_64 3.0.0 5.00 95.00 100.00 OK
r-oldrel-macos-arm64 3.0.0 34.00 OK
r-oldrel-windows-x86_64 3.0.0 7.00 96.00 103.00 OK

Check Details

Version: 3.0.0
Check: Rd files
Result: NOTE checkRd: (-1) is.what.Rd:23-24: Lost braces in \enumerate; meant \describe ? checkRd: (-1) is.what.Rd:25: Lost braces in \enumerate; meant \describe ? checkRd: (-1) is.what.Rd:26-27: Lost braces in \enumerate; meant \describe ? Flavors: r-devel-linux-x86_64-debian-clang, r-devel-linux-x86_64-debian-gcc, r-devel-linux-x86_64-fedora-clang, r-devel-linux-x86_64-fedora-gcc