Last updated on 2024-05-04 12:47:58 CEST.
Flavor | Version | Tinstall | Tcheck | Ttotal | Status | Flags |
---|---|---|---|---|---|---|
r-devel-linux-x86_64-debian-clang | 1.2.7 | 1.28 | 2.28 | 3.56 | ERROR | |
r-devel-linux-x86_64-debian-gcc | 1.2.7 | 9.27 | 253.64 | 262.91 | OK | |
r-devel-linux-x86_64-fedora-clang | 1.2.7 | 417.20 | NOTE | |||
r-devel-linux-x86_64-fedora-gcc | 1.2.7 | 410.49 | OK | |||
r-devel-windows-x86_64 | 1.2.7 | 11.00 | 380.00 | 391.00 | OK | |
r-patched-linux-x86_64 | 1.2.7 | 7.02 | 311.37 | 318.39 | OK | |
r-release-linux-x86_64 | 1.2.7 | 6.65 | 304.82 | 311.47 | OK | |
r-release-macos-arm64 | 1.2.7 | 128.00 | OK | |||
r-release-macos-x86_64 | 1.2.7 | 248.00 | OK | |||
r-release-windows-x86_64 | 1.2.7 | 11.00 | 373.00 | 384.00 | OK | |
r-oldrel-macos-arm64 | 1.2.7 | 139.00 | OK | |||
r-oldrel-macos-x86_64 | 1.2.7 | 237.00 | OK | |||
r-oldrel-windows-x86_64 | 1.2.7 | 14.00 | 418.00 | 432.00 | OK |
Version: 1.2.7
Check: package dependencies
Result: ERROR
Package required but not available: ‘ShortRead’
See section ‘The DESCRIPTION file’ in the ‘Writing R Extensions’
manual.
Flavor: r-devel-linux-x86_64-debian-clang
Version: 1.2.7
Check: package dependencies
Result: NOTE
Imports includes 21 non-default packages.
Importing from so many packages makes the package vulnerable to any of
them becoming unavailable. Move as many as possible to Suggests and
use conditionally.
Flavor: r-devel-linux-x86_64-fedora-clang