Last updated on 2023-12-01 00:51:56 CET.
Flavor | Version | Tinstall | Tcheck | Ttotal | Status | Flags |
---|---|---|---|---|---|---|
r-devel-linux-x86_64-debian-clang | 1.2.5 | 40.38 | 368.39 | 408.77 | OK | |
r-devel-linux-x86_64-debian-gcc | 1.2.5 | 34.02 | 269.36 | 303.38 | OK | |
r-devel-linux-x86_64-fedora-clang | 1.2.5 | 521.59 | NOTE | |||
r-devel-linux-x86_64-fedora-gcc | 1.2.5 | 538.61 | NOTE | |||
r-devel-windows-x86_64 | 1.2.5 | 7.00 | 4.00 | 11.00 | ERROR | |
r-patched-linux-x86_64 | 1.2.5 | 27.79 | 352.91 | 380.70 | OK | |
r-release-linux-x86_64 | 1.2.5 | 31.02 | 347.56 | 378.58 | OK | |
r-release-macos-arm64 | 1.2.5 | 187.00 | NOTE | |||
r-release-macos-x86_64 | 1.2.5 | 370.00 | NOTE | |||
r-release-windows-x86_64 | 1.2.5 | 9.00 | 5.00 | 14.00 | ERROR | |
r-oldrel-macos-arm64 | 1.2.5 | 164.00 | NOTE | |||
r-oldrel-macos-x86_64 | 1.2.5 | 167.00 | NOTE | |||
r-oldrel-windows-x86_64 | 1.2.5 | 50.00 | 308.00 | 358.00 | OK |
Version: 1.2.5
Check: package dependencies
Result: NOTE
Package suggested but not available for checking: ‘rrvgo’
Flavors: r-devel-linux-x86_64-fedora-clang, r-devel-linux-x86_64-fedora-gcc, r-release-macos-arm64, r-release-macos-x86_64, r-oldrel-macos-arm64, r-oldrel-macos-x86_64
Version: 1.2.5
Check: whether package can be installed
Result: ERROR
Installation failed.
Flavors: r-devel-windows-x86_64, r-release-windows-x86_64