Last updated on 2024-05-06 00:52:43 CEST.
Flavor | Version | Tinstall | Tcheck | Ttotal | Status | Flags |
---|---|---|---|---|---|---|
r-devel-linux-x86_64-debian-clang | 1.7 | 0.48 | 2.17 | 2.65 | ERROR | |
r-devel-linux-x86_64-debian-gcc | 1.7 | 17.28 | 136.54 | 153.82 | OK | |
r-devel-linux-x86_64-fedora-clang | 1.7 | 280.69 | OK | |||
r-devel-linux-x86_64-fedora-gcc | 1.7 | 244.01 | OK | |||
r-devel-windows-x86_64 | 1.7 | 17.00 | 146.00 | 163.00 | OK | |
r-patched-linux-x86_64 | 1.7 | 15.95 | 177.66 | 193.61 | OK | |
r-release-linux-x86_64 | 1.7 | 13.26 | 175.33 | 188.59 | OK | |
r-release-macos-arm64 | 1.7 | 16.00 | ERROR | |||
r-release-macos-x86_64 | 1.7 | 156.00 | OK | |||
r-release-windows-x86_64 | 1.7 | 18.00 | 149.00 | 167.00 | OK | |
r-oldrel-macos-arm64 | 1.7 | 12.00 | ERROR | |||
r-oldrel-macos-x86_64 | 1.7 | 7.00 | ERROR | |||
r-oldrel-windows-x86_64 | 1.7 | 17.00 | 183.00 | 200.00 | OK |
Version: 1.7
Check: package dependencies
Result: ERROR
Packages required but not available: 'reactome.db', 'AnnotationDbi'
See section ‘The DESCRIPTION file’ in the ‘Writing R Extensions’
manual.
Flavor: r-devel-linux-x86_64-debian-clang
Version: 1.7
Check: package dependencies
Result: ERROR
Package required but not available: ‘reactome.db’
See section ‘The DESCRIPTION file’ in the ‘Writing R Extensions’
manual.
Flavors: r-release-macos-arm64, r-oldrel-macos-arm64, r-oldrel-macos-x86_64