Last updated on 2023-12-07 01:54:34 CET.
Flavor | Version | Tinstall | Tcheck | Ttotal | Status | Flags |
---|---|---|---|---|---|---|
r-devel-linux-x86_64-debian-clang | 1.0.4 | 15.31 | 236.80 | 252.11 | NOTE | |
r-devel-linux-x86_64-debian-gcc | 1.0.4 | 13.20 | 167.13 | 180.33 | NOTE | |
r-devel-linux-x86_64-fedora-clang | 1.0.4 | 300.88 | NOTE | |||
r-devel-linux-x86_64-fedora-gcc | 1.0.4 | 329.68 | NOTE | |||
r-devel-windows-x86_64 | 1.0.4 | 17.00 | 196.00 | 213.00 | NOTE | |
r-patched-linux-x86_64 | 1.0.4 | 15.37 | 218.82 | 234.19 | NOTE | |
r-release-linux-x86_64 | 1.0.4 | 13.02 | 217.33 | 230.35 | NOTE | |
r-release-macos-arm64 | 1.0.4 | 88.00 | NOTE | |||
r-release-macos-x86_64 | 1.0.4 | 145.00 | NOTE | |||
r-release-windows-x86_64 | 1.0.4 | 20.00 | 236.00 | 256.00 | NOTE | |
r-oldrel-macos-arm64 | 1.0.4 | 70.00 | OK | |||
r-oldrel-macos-x86_64 | 1.0.4 | 121.00 | OK | |||
r-oldrel-windows-x86_64 | 1.0.4 | 20.00 | 233.00 | 253.00 | OK |
Version: 1.0.4
Check: package subdirectories
Result: NOTE
Problems with news in ‘NEWS.md’:
No news entries found.
Flavors: r-devel-linux-x86_64-debian-clang, r-devel-linux-x86_64-debian-gcc, r-devel-linux-x86_64-fedora-clang, r-devel-linux-x86_64-fedora-gcc, r-devel-windows-x86_64, r-patched-linux-x86_64, r-release-linux-x86_64, r-release-macos-arm64, r-release-macos-x86_64, r-release-windows-x86_64