Last updated on 2024-08-16 00:48:21 CEST.
Flavor | Version | Tinstall | Tcheck | Ttotal | Status | Flags |
---|---|---|---|---|---|---|
r-devel-linux-x86_64-debian-clang | 0.3.4 | 103.43 | 444.36 | 547.79 | OK | |
r-devel-linux-x86_64-debian-gcc | 0.3.4 | 75.21 | 307.61 | 382.82 | OK | |
r-devel-linux-x86_64-fedora-clang | 0.3.4 | 921.61 | NOTE | |||
r-devel-linux-x86_64-fedora-gcc | 0.3.4 | 892.08 | OK | |||
r-devel-windows-x86_64 | 0.3.4 | 105.00 | 440.00 | 545.00 | NOTE | |
r-patched-linux-x86_64 | 0.3.4 | 109.23 | 428.57 | 537.80 | OK | |
r-release-linux-x86_64 | 0.3.4 | 104.45 | 426.34 | 530.79 | OK | |
r-release-macos-arm64 | 0.3.4 | 238.00 | NOTE | |||
r-release-macos-x86_64 | 0.3.4 | 355.00 | NOTE | |||
r-release-windows-x86_64 | 0.3.4 | 106.00 | 432.00 | 538.00 | NOTE | |
r-oldrel-macos-arm64 | 0.3.4 | 357.00 | NOTE | |||
r-oldrel-macos-x86_64 | 0.3.4 | 472.00 | NOTE | |||
r-oldrel-windows-x86_64 | 0.3.4 | 136.00 | 560.00 | 696.00 | NOTE |
Version: 0.3.4
Check: installed package size
Result: NOTE
installed size is 5.8Mb
sub-directories of 1Mb or more:
extdata 3.0Mb
Flavors: r-devel-linux-x86_64-fedora-clang, r-devel-windows-x86_64, r-release-macos-arm64, r-release-macos-x86_64, r-release-windows-x86_64, r-oldrel-macos-arm64, r-oldrel-macos-x86_64, r-oldrel-windows-x86_64