CRAN Package Check Results for Package gets

Last updated on 2024-02-27 01:50:04 CET.

Flavor Version Tinstall Tcheck Ttotal Status Flags
r-devel-linux-x86_64-debian-clang 0.37 14.72 117.79 132.51 NOTE
r-devel-linux-x86_64-debian-gcc 0.37 10.35 88.86 99.21 NOTE
r-devel-linux-x86_64-fedora-clang 0.37 161.59 NOTE
r-devel-linux-x86_64-fedora-gcc 0.37 166.71 OK
r-devel-windows-x86_64 0.37 12.00 138.00 150.00 OK
r-patched-linux-x86_64 0.37 17.31 115.93 133.24 OK
r-release-linux-x86_64 0.37 14.37 115.22 129.59 OK
r-release-macos-arm64 0.37 50.00 OK
r-release-macos-x86_64 0.37 120.00 OK
r-release-windows-x86_64 0.37 16.00 150.00 166.00 OK
r-oldrel-macos-arm64 0.37 46.00 OK
r-oldrel-windows-x86_64 0.37 16.00 153.00 169.00 OK

Check Details

Version: 0.37
Check: Rd files
Result: NOTE checkRd: (-1) vargaugeiis.Rd:22: Lost braces 22 | \details{The function computes the variance of the Gauge (false-positive rate of outliers in impulse indicator saturation) for a given level of significance of selection (\code{t.pval}) and sample size ({\code{T}) based on Jiao and Pretis (2019). This is an auxilliary function used within the \code{\link{outliertest}} function.}} | ^ Flavors: r-devel-linux-x86_64-debian-clang, r-devel-linux-x86_64-debian-gcc, r-devel-linux-x86_64-fedora-clang