Last updated on 2024-08-16 00:48:21 CEST.
Flavor | Version | Tinstall | Tcheck | Ttotal | Status | Flags |
---|---|---|---|---|---|---|
r-devel-linux-x86_64-debian-clang | 1.0.2 | 4.57 | 59.51 | 64.08 | NOTE | |
r-devel-linux-x86_64-debian-gcc | 1.0.2 | 3.91 | 44.67 | 48.58 | NOTE | |
r-devel-linux-x86_64-fedora-clang | 1.0.2 | 108.85 | NOTE | |||
r-devel-linux-x86_64-fedora-gcc | 1.0.2 | 112.94 | NOTE | |||
r-devel-windows-x86_64 | 1.0.2 | 7.00 | 74.00 | 81.00 | NOTE | |
r-patched-linux-x86_64 | 1.0.2 | 4.67 | 56.78 | 61.45 | NOTE | |
r-release-linux-x86_64 | 1.0.2 | 5.03 | 56.38 | 61.41 | NOTE | |
r-release-macos-arm64 | 1.0.2 | 38.00 | NOTE | |||
r-release-macos-x86_64 | 1.0.2 | 56.00 | NOTE | |||
r-release-windows-x86_64 | 1.0.2 | 9.00 | 245.00 | 254.00 | NOTE | |
r-oldrel-macos-arm64 | 1.0.2 | 38.00 | NOTE | |||
r-oldrel-macos-x86_64 | 1.0.2 | 61.00 | NOTE | |||
r-oldrel-windows-x86_64 | 1.0.2 | 10.00 | 88.00 | 98.00 | NOTE |
Version: 1.0.2
Check: package subdirectories
Result: NOTE
Problems with news in ‘NEWS.md’:
Cannot extract version info from the following section titles:
Win CRAN check results - R Windows
Flavors: r-devel-linux-x86_64-debian-clang, r-devel-linux-x86_64-debian-gcc, r-devel-linux-x86_64-fedora-clang, r-devel-linux-x86_64-fedora-gcc, r-devel-windows-x86_64, r-patched-linux-x86_64, r-release-linux-x86_64, r-release-macos-arm64, r-release-macos-x86_64, r-release-windows-x86_64, r-oldrel-macos-arm64, r-oldrel-macos-x86_64, r-oldrel-windows-x86_64