Last updated on 2024-05-03 01:51:20 CEST.
Flavor | Version | Tinstall | Tcheck | Ttotal | Status | Flags |
---|---|---|---|---|---|---|
r-devel-linux-x86_64-debian-clang | 0.4.0 | 11.10 | 127.45 | 138.55 | NOTE | |
r-devel-linux-x86_64-debian-gcc | 0.4.0 | 6.86 | 95.81 | 102.67 | NOTE | |
r-devel-linux-x86_64-fedora-clang | 0.4.0 | 181.16 | NOTE | |||
r-devel-linux-x86_64-fedora-gcc | 0.4.0 | 189.28 | NOTE | |||
r-devel-windows-x86_64 | 0.4.0 | 11.00 | 103.00 | 114.00 | NOTE | |
r-patched-linux-x86_64 | 0.4.0 | 13.56 | 122.29 | 135.85 | NOTE | |
r-release-linux-x86_64 | 0.4.0 | 7.45 | 121.13 | 128.58 | NOTE | |
r-release-macos-arm64 | 0.4.0 | 50.00 | NOTE | |||
r-release-windows-x86_64 | 0.4.0 | 9.00 | 104.00 | 113.00 | NOTE | |
r-oldrel-macos-arm64 | 0.4.0 | 61.00 | NOTE | |||
r-oldrel-macos-x86_64 | 0.4.0 | 89.00 | NOTE | |||
r-oldrel-windows-x86_64 | 0.4.0 | 12.00 | 121.00 | 133.00 | NOTE |
Version: 0.4.0
Check: LazyData
Result: NOTE
'LazyData' is specified without a 'data' directory
Flavors: r-devel-linux-x86_64-debian-clang, r-devel-linux-x86_64-debian-gcc, r-devel-linux-x86_64-fedora-clang, r-devel-linux-x86_64-fedora-gcc, r-devel-windows-x86_64, r-patched-linux-x86_64, r-release-linux-x86_64, r-release-macos-arm64, r-release-windows-x86_64, r-oldrel-macos-arm64, r-oldrel-macos-x86_64, r-oldrel-windows-x86_64
Version: 0.4.0
Check: dependencies in R code
Result: NOTE
Namespace in Imports field not imported from: ‘plotly’
All declared Imports should be used.
Flavors: r-devel-linux-x86_64-fedora-clang, r-devel-linux-x86_64-fedora-gcc