Last updated on 2024-08-16 00:48:21 CEST.
Flavor | Version | Tinstall | Tcheck | Ttotal | Status | Flags |
---|---|---|---|---|---|---|
r-devel-linux-x86_64-debian-clang | 0.1.3 | 4.35 | 42.97 | 47.32 | OK | |
r-devel-linux-x86_64-debian-gcc | 0.1.3 | 3.57 | 31.46 | 35.03 | OK | |
r-devel-linux-x86_64-fedora-clang | 0.1.3 | 80.65 | NOTE | |||
r-devel-linux-x86_64-fedora-gcc | 0.1.3 | 71.04 | NOTE | |||
r-devel-windows-x86_64 | 0.1.3 | 8.00 | 62.00 | 70.00 | OK | |
r-patched-linux-x86_64 | 0.1.3 | 4.17 | 40.75 | 44.92 | OK | |
r-release-linux-x86_64 | 0.1.3 | 4.98 | 40.37 | 45.35 | OK | |
r-release-macos-arm64 | 0.1.3 | 26.00 | OK | |||
r-release-macos-x86_64 | 0.1.3 | 38.00 | OK | |||
r-release-windows-x86_64 | 0.1.3 | 8.00 | 66.00 | 74.00 | OK | |
r-oldrel-macos-arm64 | 0.1.3 | 26.00 | OK | |||
r-oldrel-macos-x86_64 | 0.1.3 | 40.00 | OK | |||
r-oldrel-windows-x86_64 | 0.1.3 | 9.00 | 71.00 | 80.00 | OK |
Version: 0.1.3
Check: dependencies in R code
Result: NOTE
Namespace in Imports field not imported from: ‘utils’
All declared Imports should be used.
Flavors: r-devel-linux-x86_64-fedora-clang, r-devel-linux-x86_64-fedora-gcc