CRAN Package Check Results for Package gglasso

Last updated on 2024-02-23 13:52:27 CET.

Flavor Version Tinstall Tcheck Ttotal Status Flags
r-devel-linux-x86_64-debian-clang 1.5 NOTE
r-devel-linux-x86_64-debian-gcc 1.5 9.49 40.89 50.38 NOTE
r-devel-linux-x86_64-fedora-clang 1.5 97.94 NOTE
r-devel-linux-x86_64-fedora-gcc 1.5 94.35 NOTE
r-devel-windows-x86_64 1.5 13.00 80.00 93.00 NOTE
r-patched-linux-x86_64 1.5 13.37 54.95 68.32 OK
r-release-linux-x86_64 1.5 12.08 53.28 65.36 OK
r-release-macos-arm64 1.5 39.00 OK
r-release-macos-x86_64 1.5 61.00 OK
r-release-windows-x86_64 1.5 14.00 91.00 105.00 OK
r-oldrel-macos-arm64 1.5 37.00 OK
r-oldrel-windows-x86_64 1.5 14.00 93.00 107.00 OK

Check Details

Version: 1.5
Check: package vignettes
Result: NOTE Package vignette without corresponding tangle output: ‘Introduction_to_gglasso_package.Rmd’ Flavors: r-devel-linux-x86_64-debian-clang, r-devel-linux-x86_64-debian-gcc, r-devel-linux-x86_64-fedora-clang, r-devel-linux-x86_64-fedora-gcc, r-devel-windows-x86_64

Version: 1.5
Check: installed package size
Result: NOTE installed size is 5.4Mb sub-directories of 1Mb or more: libs 5.0Mb Flavor: r-devel-linux-x86_64-fedora-clang