Last updated on 2024-05-06 00:52:43 CEST.
Flavor | Version | Tinstall | Tcheck | Ttotal | Status | Flags |
---|---|---|---|---|---|---|
r-devel-linux-x86_64-debian-clang | 0.1.0 | 5.55 | 110.50 | 116.05 | OK | |
r-devel-linux-x86_64-debian-gcc | 0.1.0 | 4.89 | 83.67 | 88.56 | OK | |
r-devel-linux-x86_64-fedora-clang | 0.1.0 | 149.33 | NOTE | |||
r-devel-linux-x86_64-fedora-gcc | 0.1.0 | 156.42 | NOTE | |||
r-devel-windows-x86_64 | 0.1.0 | 8.00 | 91.00 | 99.00 | OK | |
r-patched-linux-x86_64 | 0.1.0 | 6.32 | 104.25 | 110.57 | OK | |
r-release-linux-x86_64 | 0.1.0 | 5.43 | 106.50 | 111.93 | OK | |
r-release-macos-arm64 | 0.1.0 | 46.00 | OK | |||
r-release-macos-x86_64 | 0.1.0 | 129.00 | OK | |||
r-release-windows-x86_64 | 0.1.0 | 8.00 | 92.00 | 100.00 | OK | |
r-oldrel-macos-arm64 | 0.1.0 | 56.00 | OK | |||
r-oldrel-macos-x86_64 | 0.1.0 | 97.00 | OK | |||
r-oldrel-windows-x86_64 | 0.1.0 | 10.00 | 105.00 | 115.00 | OK |
Version: 0.1.0
Check: data for non-ASCII characters
Result: NOTE
Note: found 35 marked UTF-8 strings
Flavors: r-devel-linux-x86_64-fedora-clang, r-devel-linux-x86_64-fedora-gcc