Last updated on 2024-08-16 00:48:21 CEST.
Flavor | Version | Tinstall | Tcheck | Ttotal | Status | Flags |
---|---|---|---|---|---|---|
r-devel-linux-x86_64-debian-clang | 0.0.4 | 5.52 | 60.90 | 66.42 | NOTE | |
r-devel-linux-x86_64-debian-gcc | 0.0.4 | 4.13 | 43.22 | 47.35 | NOTE | |
r-devel-linux-x86_64-fedora-clang | 0.0.4 | 107.24 | OK | |||
r-devel-linux-x86_64-fedora-gcc | 0.0.4 | 111.40 | OK | |||
r-devel-windows-x86_64 | 0.0.4 | 7.00 | 73.00 | 80.00 | NOTE | |
r-patched-linux-x86_64 | 0.0.4 | 9.31 | 56.52 | 65.83 | OK | |
r-release-linux-x86_64 | 0.0.4 | 4.67 | 56.49 | 61.16 | OK | |
r-release-macos-arm64 | 0.0.4 | 36.00 | OK | |||
r-release-macos-x86_64 | 0.0.4 | 56.00 | OK | |||
r-release-windows-x86_64 | 0.0.4 | 8.00 | 180.00 | 188.00 | OK | |
r-oldrel-macos-arm64 | 0.0.4 | 48.00 | OK | |||
r-oldrel-macos-x86_64 | 0.0.4 | 72.00 | OK | |||
r-oldrel-windows-x86_64 | 0.0.4 | 9.00 | 87.00 | 96.00 | OK |
Version: 0.0.4
Check: Rd cross-references
Result: NOTE
Found the following Rd file(s) with Rd \link{} targets missing package
anchors:
ggplot2-ggproto.Rd: geom_jitter, geom_count, geom_bin2d, layer,
geom_smooth, geom_quantile, geom_density_2d, geom_boxplot,
geom_hex, geom_density2d
Please provide package anchors for all Rd \link{} targets not in the
package itself and the base packages.
Flavors: r-devel-linux-x86_64-debian-clang, r-devel-linux-x86_64-debian-gcc, r-devel-windows-x86_64