CRAN Package Check Results for Package ggridges

Last updated on 2024-02-25 01:49:00 CET.

Flavor Version Tinstall Tcheck Ttotal Status Flags
r-devel-linux-x86_64-debian-clang 0.5.6 8.17 117.56 125.73 OK
r-devel-linux-x86_64-debian-gcc 0.5.6 5.96 88.92 94.88 OK
r-devel-linux-x86_64-fedora-clang 0.5.6 155.66 NOTE
r-devel-linux-x86_64-fedora-gcc 0.5.6 158.85 NOTE
r-devel-windows-x86_64 0.5.6 9.00 107.00 116.00 OK
r-patched-linux-x86_64 0.5.6 15.17 113.97 129.14 OK
r-release-linux-x86_64 0.5.6 7.57 114.42 121.99 OK
r-release-macos-arm64 0.5.6 65.00 OK
r-release-macos-x86_64 0.5.6 110.00 OK
r-release-windows-x86_64 0.5.6 12.00 130.00 142.00 OK
r-oldrel-macos-arm64 0.5.6 67.00 OK
r-oldrel-windows-x86_64 0.5.6 11.00 128.00 139.00 OK

Check Details

Version: 0.5.6
Check: data for non-ASCII characters
Result: NOTE Note: found 6242 marked UTF-8 strings Flavors: r-devel-linux-x86_64-fedora-clang, r-devel-linux-x86_64-fedora-gcc