CRAN Package Check Results for Package glmmLasso

Last updated on 2023-12-01 00:51:57 CET.

Flavor Version Tinstall Tcheck Ttotal Status Flags
r-devel-linux-x86_64-debian-clang 1.6.3 70.42 171.15 241.57 OK
r-devel-linux-x86_64-debian-gcc 1.6.3 57.84 127.02 184.86 OK
r-devel-linux-x86_64-fedora-clang 1.6.3 326.19 NOTE
r-devel-linux-x86_64-fedora-gcc 1.6.3 324.99 OK
r-devel-windows-x86_64 1.6.3 60.00 142.00 202.00 OK
r-patched-linux-x86_64 1.6.3 77.09 171.06 248.15 OK
r-release-linux-x86_64 1.6.3 72.30 164.19 236.49 OK
r-release-macos-arm64 1.6.3 73.00 NOTE
r-release-macos-x86_64 1.6.3 179.00 NOTE
r-release-windows-x86_64 1.6.3 84.00 169.00 253.00 OK
r-oldrel-macos-arm64 1.6.3 68.00 NOTE
r-oldrel-macos-x86_64 1.6.3 105.00 NOTE
r-oldrel-windows-x86_64 1.6.3 80.00 173.00 253.00 OK

Check Details

Version: 1.6.3
Check: Rd cross-references
Result: NOTE Undeclared package ‘GMMBoost’ in Rd xrefs Flavor: r-devel-linux-x86_64-fedora-clang

Version: 1.6.3
Check: installed package size
Result: NOTE installed size is 7.9Mb sub-directories of 1Mb or more: libs 7.3Mb Flavors: r-release-macos-arm64, r-release-macos-x86_64, r-oldrel-macos-arm64, r-oldrel-macos-x86_64