Last updated on 2023-11-30 01:53:30 CET.
Flavor | Version | Tinstall | Tcheck | Ttotal | Status | Flags |
---|---|---|---|---|---|---|
r-devel-linux-x86_64-debian-clang | 2.0.0 | 17.97 | 196.05 | 214.02 | NOTE | |
r-devel-linux-x86_64-debian-gcc | 2.0.0 | 12.53 | 147.36 | 159.89 | NOTE | |
r-devel-linux-x86_64-fedora-clang | 2.0.0 | 263.44 | OK | |||
r-devel-linux-x86_64-fedora-gcc | 2.0.0 | 264.71 | OK | |||
r-devel-windows-x86_64 | 2.0.0 | 15.00 | 166.00 | 181.00 | OK | |
r-patched-linux-x86_64 | 2.0.0 | 16.65 | 185.57 | 202.22 | OK | |
r-release-linux-x86_64 | 2.0.0 | 10.38 | 190.03 | 200.41 | OK | |
r-release-macos-arm64 | 2.0.0 | 83.00 | OK | |||
r-release-macos-x86_64 | 2.0.0 | 137.00 | OK | |||
r-release-windows-x86_64 | 2.0.0 | 19.00 | 195.00 | 214.00 | OK | |
r-oldrel-macos-arm64 | 2.0.0 | 78.00 | OK | |||
r-oldrel-macos-x86_64 | 2.0.0 | 142.00 | OK | |||
r-oldrel-windows-x86_64 | 2.0.0 | 19.00 | 201.00 | 220.00 | OK |
Version: 2.0.0
Check: Rd files
Result: NOTE
checkRd: (-1) glmtrans.Rd:83: Lost braces in \itemize; \value handles \item{}{} directly
checkRd: (-1) glmtrans.Rd:84: Lost braces in \itemize; \value handles \item{}{} directly
checkRd: (-1) glmtrans.Rd:85: Lost braces in \itemize; \value handles \item{}{} directly
checkRd: (-1) glmtrans.Rd:86: Lost braces in \itemize; \value handles \item{}{} directly
checkRd: (-1) glmtrans.Rd:87: Lost braces in \itemize; \value handles \item{}{} directly
checkRd: (-1) predict.glmtrans.Rd:23: Lost braces in \itemize; meant \describe ?
checkRd: (-1) predict.glmtrans.Rd:24: Lost braces in \itemize; meant \describe ?
checkRd: (-1) predict.glmtrans.Rd:25: Lost braces in \itemize; meant \describe ?
checkRd: (-1) predict.glmtrans.Rd:26: Lost braces in \itemize; meant \describe ?
Flavors: r-devel-linux-x86_64-debian-clang, r-devel-linux-x86_64-debian-gcc