Last updated on 2023-12-01 00:51:57 CET.
Flavor | Version | Tinstall | Tcheck | Ttotal | Status | Flags |
---|---|---|---|---|---|---|
r-devel-linux-x86_64-debian-clang | 0.3.0 | 96.86 | 133.42 | 230.28 | NOTE | |
r-devel-linux-x86_64-debian-gcc | 0.3.0 | 68.44 | 99.59 | 168.03 | NOTE | |
r-devel-linux-x86_64-fedora-clang | 0.3.0 | 317.33 | OK | |||
r-devel-linux-x86_64-fedora-gcc | 0.3.0 | 329.50 | OK | |||
r-devel-windows-x86_64 | 0.3.0 | 72.00 | 133.00 | 205.00 | OK | |
r-patched-linux-x86_64 | 0.3.0 | 64.91 | 129.13 | 194.04 | OK | |
r-release-linux-x86_64 | 0.3.0 | 54.88 | 127.48 | 182.36 | OK | |
r-release-macos-arm64 | 0.3.0 | 65.00 | NOTE | |||
r-release-macos-x86_64 | 0.3.0 | 138.00 | NOTE | |||
r-release-windows-x86_64 | 0.3.0 | 96.00 | 164.00 | 260.00 | OK | |
r-oldrel-macos-arm64 | 0.3.0 | 71.00 | NOTE | |||
r-oldrel-macos-x86_64 | 0.3.0 | 100.00 | NOTE | |||
r-oldrel-windows-x86_64 | 0.3.0 | 90.00 | 158.00 | 248.00 | OK |
Version: 0.3.0
Check: Rd files
Result: NOTE
checkRd: (-1) logLik.joint.Rd:21: Lost braces; missing escapes or markup?
21 | \code{AIC} and {BIC} which are the Akaike or Bayes information criterion evaluated at either
| ^
Flavors: r-devel-linux-x86_64-debian-clang, r-devel-linux-x86_64-debian-gcc
Version: 0.3.0
Check: installed package size
Result: NOTE
installed size is 7.3Mb
sub-directories of 1Mb or more:
libs 6.9Mb
Flavors: r-release-macos-arm64, r-release-macos-x86_64, r-oldrel-macos-arm64, r-oldrel-macos-x86_64