CRAN Package Check Results for Package golem

Last updated on 2023-12-07 12:49:32 CET.

Flavor Version Tinstall Tcheck Ttotal Status Flags
r-devel-linux-x86_64-debian-clang 0.4.1 6.23 98.69 104.92 NOTE
r-devel-linux-x86_64-debian-gcc 0.4.1 6.03 76.93 82.96 NOTE
r-devel-linux-x86_64-fedora-clang 0.4.1 133.27 OK
r-devel-linux-x86_64-fedora-gcc 0.4.1 141.18 OK
r-devel-windows-x86_64 0.4.1 7.00 112.00 119.00 OK
r-patched-linux-x86_64 0.4.1 6.30 95.84 102.14 OK
r-release-linux-x86_64 0.4.1 6.40 95.59 101.99 OK
r-release-macos-arm64 0.4.1 56.00 OK
r-release-macos-x86_64 0.4.1 100.00 OK
r-release-windows-x86_64 0.4.1 9.00 128.00 137.00 OK
r-oldrel-macos-arm64 0.4.1 53.00 OK
r-oldrel-macos-x86_64 0.4.1 64.00 OK
r-oldrel-windows-x86_64 0.4.1 10.00 127.00 137.00 OK

Check Details

Version: 0.4.1
Check: Rd files
Result: NOTE checkRd: (-1) create_golem.Rd:30: Lost braces; missing escapes or markup? 30 | \item{package_name}{Package name to use. By default, {golem} uses | ^ checkRd: (-1) fill_desc.Rd:42: Lost braces; missing escapes or markup? 42 | The {desc} object, invisibly. | ^ checkRd: (-1) get_sysreqs.Rd:23: Lost braces; missing escapes or markup? 23 | {dockerfiler}. | ^ checkRd: (-1) golem_opts.Rd:80: Lost braces; missing escapes or markup? 80 | \item{config_file}{path to the {golem} config file} | ^ checkRd: (-1) install_dev_deps.Rd:5: Lost braces; missing escapes or markup? 5 | \title{Install {golem} dev dependencies} | ^ checkRd: (-1) project_hook.Rd:13: Lost braces; missing escapes or markup? 13 | \item{package_name}{Package name to use. By default, {golem} uses | ^ Flavors: r-devel-linux-x86_64-debian-clang, r-devel-linux-x86_64-debian-gcc