CRAN Package Check Results for Package googleVis

Last updated on 2024-02-24 00:51:15 CET.

Flavor Version Tinstall Tcheck Ttotal Status Flags
r-devel-linux-x86_64-debian-clang 0.7.1 5.67 61.93 67.60 NOTE
r-devel-linux-x86_64-debian-gcc 0.7.1 4.40 47.78 52.18 NOTE
r-devel-linux-x86_64-fedora-clang 0.7.1 84.93 OK
r-devel-linux-x86_64-fedora-gcc 0.7.1 93.85 OK
r-devel-windows-x86_64 0.7.1 7.00 83.00 90.00 OK
r-patched-linux-x86_64 0.7.1 8.40 61.20 69.60 OK
r-release-linux-x86_64 0.7.1 4.70 61.20 65.90 OK
r-release-macos-arm64 0.7.1 38.00 OK
r-release-macos-x86_64 0.7.1 57.00 OK
r-release-windows-x86_64 0.7.1 7.00 93.00 100.00 OK
r-oldrel-macos-arm64 0.7.1 30.00 OK
r-oldrel-windows-x86_64 0.7.1 11.00 87.00 98.00 OK

Check Details

Version: 0.7.1
Check: Rd files
Result: NOTE checkRd: (-1) gvisAnnotatedTimeLine.Rd:60-61: Lost braces; missing escapes or markup? 60 | \Sexpr[results=rd]{paste(readLines(file.path(".", "inst", | ^ checkRd: (-1) gvisAnnotatedTimeLine.Rd:60-61: Lost braces in \itemize; meant \describe ? checkRd: (-1) gvisAnnotatedTimeLine.Rd:90: Lost braces 90 | Use code{\link{gvisAnnotationChart}} for a non-Flash version of this plot. | ^ checkRd: (-1) gvisAnnotationChart.Rd:60-61: Lost braces; missing escapes or markup? 60 | \Sexpr[results=rd]{paste(readLines(file.path(".", "inst", | ^ checkRd: (-1) gvisAnnotationChart.Rd:60-61: Lost braces in \itemize; meant \describe ? checkRd: (-1) gvisAreaChart.Rd:29-30: Lost braces; missing escapes or markup? 29 | \Sexpr[results=rd]{paste(readLines(file.path(".", "inst", | ^ checkRd: (-1) gvisAreaChart.Rd:29-30: Lost braces in \itemize; meant \describe ? checkRd: (-1) gvisBarChart.Rd:29-30: Lost braces; missing escapes or markup? 29 | \Sexpr[results=rd]{paste(readLines(file.path(".", "inst", | ^ checkRd: (-1) gvisBarChart.Rd:29-30: Lost braces in \itemize; meant \describe ? checkRd: (-1) gvisBubbleChart.Rd:50-51: Lost braces; missing escapes or markup? 50 | \Sexpr[results=rd]{paste(readLines(file.path(".", "inst", | ^ checkRd: (-1) gvisBubbleChart.Rd:50-51: Lost braces in \itemize; meant \describe ? checkRd: (-1) gvisCalendar.Rd:32-33: Lost braces; missing escapes or markup? 32 | \Sexpr[results=rd]{paste(readLines(file.path(".", "inst", | ^ checkRd: (-1) gvisCalendar.Rd:32-33: Lost braces in \itemize; meant \describe ? checkRd: (-1) gvisCandlestickChart.Rd:51-52: Lost braces; missing escapes or markup? 51 | \Sexpr[results=rd]{paste(readLines(file.path(".", "inst", | ^ checkRd: (-1) gvisCandlestickChart.Rd:51-52: Lost braces in \itemize; meant \describe ? checkRd: (-1) gvisColumnChart.Rd:29-30: Lost braces; missing escapes or markup? 29 | \Sexpr[results=rd]{paste(readLines(file.path(".", "inst", | ^ checkRd: (-1) gvisColumnChart.Rd:29-30: Lost braces in \itemize; meant \describe ? checkRd: (-1) gvisComboChart.Rd:31-32: Lost braces; missing escapes or markup? 31 | \Sexpr[results=rd]{paste(readLines(file.path(".", "inst", | ^ checkRd: (-1) gvisComboChart.Rd:31-32: Lost braces in \itemize; meant \describe ? checkRd: (-1) gvisGantt.Rd:60-61: Lost braces; missing escapes or markup? 60 | \Sexpr[results=rd]{paste(readLines(file.path(".", "inst", | ^ checkRd: (-1) gvisGantt.Rd:60-61: Lost braces in \itemize; meant \describe ? checkRd: (-1) gvisGauge.Rd:29-30: Lost braces; missing escapes or markup? 29 | \Sexpr[results=rd]{paste(readLines(file.path(".", "inst", | ^ checkRd: (-1) gvisGauge.Rd:29-30: Lost braces in \itemize; meant \describe ? checkRd: (-1) gvisGeoChart.Rd:64-65: Lost braces; missing escapes or markup? 64 | \Sexpr[results=rd]{paste(readLines(file.path(".", "inst", | ^ checkRd: (-1) gvisGeoChart.Rd:64-65: Lost braces in \itemize; meant \describe ? checkRd: (-1) gvisGeoMap.Rd:58-59: Lost braces; missing escapes or markup? 58 | \Sexpr[results=rd]{paste(readLines(file.path(".", "inst", | ^ checkRd: (-1) gvisGeoMap.Rd:58-59: Lost braces in \itemize; meant \describe ? checkRd: (-1) gvisHistogram.Rd:24-25: Lost braces; missing escapes or markup? 24 | \Sexpr[results=rd]{paste(readLines(file.path(".", "inst", | ^ checkRd: (-1) gvisHistogram.Rd:24-25: Lost braces in \itemize; meant \describe ? checkRd: (-1) gvisLineChart.Rd:29-30: Lost braces; missing escapes or markup? 29 | \Sexpr[results=rd]{paste(readLines(file.path(".", "inst", | ^ checkRd: (-1) gvisLineChart.Rd:29-30: Lost braces in \itemize; meant \describe ? checkRd: (-1) gvisMap.Rd:34-35: Lost braces; missing escapes or markup? 34 | \Sexpr[results=rd]{paste(readLines(file.path(".", "inst", | ^ checkRd: (-1) gvisMap.Rd:34-35: Lost braces in \itemize; meant \describe ? checkRd: (-1) gvisMotionChart.Rd:70-71: Lost braces; missing escapes or markup? 70 | \Sexpr[results=rd]{paste(readLines(file.path(".", "inst", | ^ checkRd: (-1) gvisMotionChart.Rd:70-71: Lost braces in \itemize; meant \describe ? checkRd: (-1) gvisOrgChart.Rd:46-47: Lost braces; missing escapes or markup? 46 | \Sexpr[results=rd]{paste(readLines(file.path(".", "inst", | ^ checkRd: (-1) gvisOrgChart.Rd:46-47: Lost braces in \itemize; meant \describe ? checkRd: (-1) gvisPieChart.Rd:29-30: Lost braces; missing escapes or markup? 29 | \Sexpr[results=rd]{paste(readLines(file.path(".", "inst", | ^ checkRd: (-1) gvisPieChart.Rd:29-30: Lost braces in \itemize; meant \describe ? checkRd: (-1) gvisSankey.Rd:32-33: Lost braces; missing escapes or markup? 32 | \Sexpr[results=rd]{paste(readLines(file.path(".", "inst", | ^ checkRd: (-1) gvisSankey.Rd:32-33: Lost braces in \itemize; meant \describe ? checkRd: (-1) gvisScatterChart.Rd:26-27: Lost braces; missing escapes or markup? 26 | \Sexpr[results=rd]{paste(readLines(file.path(".", "inst", | ^ checkRd: (-1) gvisScatterChart.Rd:26-27: Lost braces in \itemize; meant \describe ? checkRd: (-1) gvisSteppedAreaChart.Rd:30-31: Lost braces; missing escapes or markup? 30 | \Sexpr[results=rd]{paste(readLines(file.path(".", "inst", | ^ checkRd: (-1) gvisSteppedAreaChart.Rd:30-31: Lost braces in \itemize; meant \describe ? checkRd: (-1) gvisTable.Rd:23-24: Lost braces; missing escapes or markup? 23 | \Sexpr[results=rd]{paste(readLines(file.path(".", "inst", | ^ checkRd: (-1) gvisTable.Rd:23-24: Lost braces in \itemize; meant \describe ? checkRd: (-1) gvisTable.Rd:32: Lost braces; missing escapes or markup? 32 | For instance, {pattern:'#,###\%'} will result in output values "1,000\%", | ^ checkRd: (-1) gvisTimeline.Rd:42-43: Lost braces; missing escapes or markup? 42 | \Sexpr[results=rd]{paste(readLines(file.path(".", "inst", | ^ checkRd: (-1) gvisTimeline.Rd:42-43: Lost braces in \itemize; meant \describe ? checkRd: (-1) gvisTreeMap.Rd:56-57: Lost braces; missing escapes or markup? 56 | \Sexpr[results=rd]{paste(readLines(file.path(".", "inst", | ^ checkRd: (-1) gvisTreeMap.Rd:56-57: Lost braces in \itemize; meant \describe ? checkRd: (-1) gvisWordTree.Rd:49-50: Lost braces; missing escapes or markup? 49 | \Sexpr[results=rd]{paste(readLines(file.path(".", "inst", | ^ checkRd: (-1) gvisWordTree.Rd:49-50: Lost braces in \itemize; meant \describe ? checkRd: (-1) gvisWordTree.Rd:54: Lost braces in \itemize; meant \describe ? checkRd: (-1) gvisWordTree.Rd:55: Lost braces in \itemize; meant \describe ? Flavors: r-devel-linux-x86_64-debian-clang, r-devel-linux-x86_64-debian-gcc