Last updated on 2023-12-06 01:56:04 CET.
Flavor | Version | Tinstall | Tcheck | Ttotal | Status | Flags |
---|---|---|---|---|---|---|
r-devel-linux-x86_64-debian-clang | 0.6.1 | 389.73 | 345.72 | 735.45 | NOTE | |
r-devel-linux-x86_64-debian-gcc | 0.6.1 | 293.26 | 228.08 | 521.34 | NOTE | |
r-devel-linux-x86_64-fedora-clang | 0.6.1 | 1017.25 | NOTE | |||
r-devel-linux-x86_64-fedora-gcc | 0.6.1 | 1030.22 | NOTE | |||
r-devel-windows-x86_64 | 0.6.1 | 297.00 | 310.00 | 607.00 | NOTE | |
r-patched-linux-x86_64 | 0.6.1 | 345.53 | 303.37 | 648.90 | NOTE | |
r-release-linux-x86_64 | 0.6.1 | 349.44 | 301.91 | 651.35 | NOTE | |
r-release-macos-arm64 | 0.6.1 | 258.00 | NOTE | |||
r-release-macos-x86_64 | 0.6.1 | 425.00 | NOTE | |||
r-release-windows-x86_64 | 0.6.1 | 391.00 | 357.00 | 748.00 | NOTE | |
r-oldrel-macos-arm64 | 0.6.1 | 212.00 | NOTE | |||
r-oldrel-macos-x86_64 | 0.6.1 | 279.00 | NOTE | |||
r-oldrel-windows-x86_64 | 0.6.1 | 381.00 | 342.00 | 723.00 | OK |
Version: 0.6.1
Check: C++ specification
Result: NOTE
Specified C++11: please drop specification unless essential
Flavors: r-devel-linux-x86_64-debian-clang, r-devel-linux-x86_64-debian-gcc, r-devel-linux-x86_64-fedora-clang, r-devel-linux-x86_64-fedora-gcc, r-devel-windows-x86_64, r-patched-linux-x86_64, r-release-linux-x86_64, r-release-macos-arm64, r-release-macos-x86_64, r-release-windows-x86_64
Version: 0.6.1
Check: data for non-ASCII characters
Result: NOTE
Note: found 989 marked UTF-8 strings
Flavors: r-devel-linux-x86_64-fedora-clang, r-devel-linux-x86_64-fedora-gcc, r-oldrel-macos-arm64, r-oldrel-macos-x86_64
Version: 0.6.1
Check: installed package size
Result: NOTE
installed size is 19.6Mb
sub-directories of 1Mb or more:
libs 17.3Mb
Flavors: r-release-macos-arm64, r-release-macos-x86_64, r-oldrel-macos-arm64, r-oldrel-macos-x86_64