Last updated on 2024-08-16 00:48:22 CEST.
Flavor | Version | Tinstall | Tcheck | Ttotal | Status | Flags |
---|---|---|---|---|---|---|
r-devel-linux-x86_64-debian-clang | 0.2.0 | 9.49 | 92.65 | 102.14 | NOTE | |
r-devel-linux-x86_64-debian-gcc | 0.2.0 | 6.57 | 72.52 | 79.09 | NOTE | |
r-devel-linux-x86_64-fedora-clang | 0.2.0 | 162.20 | NOTE | |||
r-devel-linux-x86_64-fedora-gcc | 0.2.0 | 164.97 | NOTE | |||
r-devel-windows-x86_64 | 0.2.0 | 53.00 | 551.00 | 604.00 | NOTE | |
r-patched-linux-x86_64 | 0.2.0 | 8.11 | 88.41 | 96.52 | NOTE | |
r-release-linux-x86_64 | 0.2.0 | 8.33 | 87.54 | 95.87 | NOTE | |
r-release-macos-arm64 | 0.2.0 | 55.00 | NOTE | |||
r-release-macos-x86_64 | 0.2.0 | 100.00 | NOTE | |||
r-release-windows-x86_64 | 0.2.0 | 56.00 | 575.00 | 631.00 | NOTE | |
r-oldrel-macos-arm64 | 0.2.0 | 56.00 | OK | |||
r-oldrel-macos-x86_64 | 0.2.0 | 92.00 | OK | |||
r-oldrel-windows-x86_64 | 0.2.0 | 19.00 | 256.00 | 275.00 | OK |
Version: 0.2.0
Check: Rd files
Result: NOTE
checkRd: (-1) iterate_matrix.Rd:32-33: Lost braces in \itemize; \value handles \item{}{} directly
checkRd: (-1) iterate_matrix.Rd:34-36: Lost braces in \itemize; \value handles \item{}{} directly
checkRd: (-1) iterate_matrix.Rd:37-38: Lost braces in \itemize; \value handles \item{}{} directly
checkRd: (-1) iterate_matrix.Rd:39-41: Lost braces in \itemize; \value handles \item{}{} directly
checkRd: (-1) iterate_matrix.Rd:42-44: Lost braces in \itemize; \value handles \item{}{} directly
Flavors: r-devel-linux-x86_64-debian-clang, r-devel-linux-x86_64-debian-gcc, r-devel-linux-x86_64-fedora-clang, r-devel-linux-x86_64-fedora-gcc, r-devel-windows-x86_64, r-patched-linux-x86_64, r-release-linux-x86_64, r-release-macos-arm64, r-release-macos-x86_64, r-release-windows-x86_64