CRAN Package Check Results for Package groc

Last updated on 2024-02-24 12:49:19 CET.

Flavor Version Tinstall Tcheck Ttotal Status Flags
r-devel-linux-x86_64-debian-clang 1.0.8 13.40 92.99 106.39 NOTE
r-devel-linux-x86_64-debian-gcc 1.0.8 11.00 70.79 81.79 NOTE
r-devel-linux-x86_64-fedora-clang 1.0.8 137.45 NOTE
r-devel-linux-x86_64-fedora-gcc 1.0.8 126.47 NOTE
r-devel-windows-x86_64 1.0.8 14.00 105.00 119.00 NOTE
r-patched-linux-x86_64 1.0.8 14.78 91.22 106.00 NOTE
r-release-linux-x86_64 1.0.8 10.89 91.20 102.09 NOTE
r-release-macos-arm64 1.0.8 42.00 NOTE
r-release-macos-x86_64 1.0.8 71.00 NOTE
r-release-windows-x86_64 1.0.8 18.00 125.00 143.00 NOTE
r-oldrel-macos-arm64 1.0.8 41.00 OK
r-oldrel-windows-x86_64 1.0.8 17.00 122.00 139.00 OK

Check Details

Version: 1.0.8
Check: Rd \usage sections
Result: NOTE S3 methods shown with full name in Rd file 'groc.fit.Rd': ‘groc.fit’ The \usage entries for S3 methods should use the \method markup and not their full name. See chapter ‘Writing R documentation files’ in the ‘Writing R Extensions’ manual. Flavors: r-devel-linux-x86_64-debian-clang, r-devel-linux-x86_64-debian-gcc, r-devel-linux-x86_64-fedora-clang, r-devel-linux-x86_64-fedora-gcc, r-devel-windows-x86_64

Version: 1.0.8
Check: Rd \usage sections
Result: NOTE S3 methods shown with full name in documentation object 'groc.fit': ‘groc.fit’ The \usage entries for S3 methods should use the \method markup and not their full name. See chapter ‘Writing R documentation files’ in the ‘Writing R Extensions’ manual. Flavors: r-patched-linux-x86_64, r-release-linux-x86_64, r-release-macos-arm64, r-release-macos-x86_64, r-release-windows-x86_64