Last updated on 2024-08-16 00:48:22 CEST.
Flavor | Version | Tinstall | Tcheck | Ttotal | Status | Flags |
---|---|---|---|---|---|---|
r-devel-linux-x86_64-debian-clang | 0.9.0 | 19.13 | 36.12 | 55.25 | NOTE | |
r-devel-linux-x86_64-debian-gcc | 0.9.0 | 14.92 | 28.85 | 43.77 | NOTE | |
r-devel-linux-x86_64-fedora-clang | 0.9.0 | 104.62 | NOTE | |||
r-devel-linux-x86_64-fedora-gcc | 0.9.0 | 117.54 | NOTE | |||
r-devel-windows-x86_64 | 0.9.0 | 24.00 | 77.00 | 101.00 | NOTE | |
r-patched-linux-x86_64 | 0.9.0 | 20.39 | 35.74 | 56.13 | NOTE | |
r-release-linux-x86_64 | 0.9.0 | 21.66 | 35.38 | 57.04 | NOTE | |
r-release-macos-arm64 | 0.9.0 | 49.00 | NOTE | |||
r-release-macos-x86_64 | 0.9.0 | 66.00 | NOTE | |||
r-release-windows-x86_64 | 0.9.0 | 24.00 | 82.00 | 106.00 | NOTE | |
r-oldrel-macos-arm64 | 0.9.0 | 46.00 | NOTE | |||
r-oldrel-macos-x86_64 | 0.9.0 | 69.00 | NOTE | |||
r-oldrel-windows-x86_64 | 0.9.0 | 30.00 | 84.00 | 114.00 | NOTE |
Version: 0.9.0
Check: C++ specification
Result: NOTE
Specified C++11: please drop specification unless essential
Flavors: r-devel-linux-x86_64-debian-clang, r-devel-linux-x86_64-debian-gcc, r-devel-linux-x86_64-fedora-clang, r-devel-linux-x86_64-fedora-gcc, r-devel-windows-x86_64, r-patched-linux-x86_64, r-release-linux-x86_64, r-release-macos-arm64, r-release-macos-x86_64, r-release-windows-x86_64, r-oldrel-macos-arm64, r-oldrel-macos-x86_64, r-oldrel-windows-x86_64