Last updated on 2023-12-09 13:48:28 CET.
Flavor | Version | Tinstall | Tcheck | Ttotal | Status | Flags |
---|---|---|---|---|---|---|
r-devel-linux-x86_64-debian-clang | 0.1-9 | 10.32 | 207.23 | 217.55 | NOTE | |
r-devel-linux-x86_64-debian-gcc | 0.1-9 | 9.62 | 149.08 | 158.70 | NOTE | |
r-devel-linux-x86_64-fedora-clang | 0.1-9 | 259.81 | OK | |||
r-devel-linux-x86_64-fedora-gcc | 0.1-9 | 248.07 | OK | |||
r-devel-windows-x86_64 | 0.1-9 | 10.00 | 184.00 | 194.00 | OK | |
r-patched-linux-x86_64 | 0.1-9 | 15.01 | 197.53 | 212.54 | OK | |
r-release-linux-x86_64 | 0.1-9 | 11.83 | 193.37 | 205.20 | OK | |
r-release-macos-arm64 | 0.1-9 | 79.00 | OK | |||
r-release-macos-x86_64 | 0.1-9 | 135.00 | OK | |||
r-release-windows-x86_64 | 0.1-9 | 13.00 | 226.00 | 239.00 | OK | |
r-oldrel-macos-arm64 | 0.1-9 | 76.00 | OK | |||
r-oldrel-macos-x86_64 | 0.1-9 | 99.00 | OK | |||
r-oldrel-windows-x86_64 | 0.1-9 | 13.00 | 235.00 | 248.00 | OK |
Version: 0.1-9
Check: Rd files
Result: NOTE
checkRd: (-1) lasso.proj.Rd:62: Lost braces; missing escapes or markup?
62 | indicated using an index vector with entries in {1,...,p} or a list thereof.}
| ^
Flavors: r-devel-linux-x86_64-debian-clang, r-devel-linux-x86_64-debian-gcc