Last updated on 2024-08-16 00:48:22 CEST.
Flavor | Version | Tinstall | Tcheck | Ttotal | Status | Flags |
---|---|---|---|---|---|---|
r-devel-linux-x86_64-debian-clang | 0.1.2 | 4.21 | 41.52 | 45.73 | OK | |
r-devel-linux-x86_64-debian-gcc | 0.1.2 | 2.33 | 30.36 | 32.69 | OK | |
r-devel-linux-x86_64-fedora-clang | 0.1.2 | 74.04 | OK | |||
r-devel-linux-x86_64-fedora-gcc | 0.1.2 | 81.49 | OK | |||
r-devel-windows-x86_64 | 0.1.2 | 6.00 | 58.00 | 64.00 | OK | |
r-patched-linux-x86_64 | 0.1.2 | 3.36 | 38.91 | 42.27 | OK | |
r-release-linux-x86_64 | 0.1.2 | 3.78 | 39.45 | 43.23 | OK | |
r-release-macos-arm64 | 0.1.2 | 30.00 | OK | |||
r-release-macos-x86_64 | 0.1.2 | 58.00 | OK | |||
r-release-windows-x86_64 | 0.1.2 | 5.00 | 71.00 | 76.00 | OK | |
r-oldrel-macos-arm64 | 0.1.2 | 6.00 | ERROR | |||
r-oldrel-macos-x86_64 | 0.1.2 | 30.00 | OK | |||
r-oldrel-windows-x86_64 | 0.1.2 | 5.00 | 63.00 | 68.00 | OK |
Version: 0.1.2
Check: package dependencies
Result: ERROR
Package required but not available: ‘Heatplus’
See section ‘The DESCRIPTION file’ in the ‘Writing R Extensions’
manual.
Flavor: r-oldrel-macos-arm64