CRAN Package Check Results for Package hexFinder

Last updated on 2024-04-24 00:55:45 CEST.

Flavor Version Tinstall Tcheck Ttotal Status Flags
r-devel-linux-x86_64-debian-clang 0.8.2 8.31 68.57 76.88 OK
r-devel-linux-x86_64-debian-gcc 0.8.2 5.03 52.49 57.52 OK
r-devel-linux-x86_64-fedora-clang 0.8.2 101.08 OK
r-devel-linux-x86_64-fedora-gcc 0.8.2 92.42 OK
r-prerel-macos-arm64 0.8.2 36.00 OK
r-prerel-windows-x86_64 0.8.2 9.00 94.00 103.00 ERROR
r-patched-linux-x86_64 0.8.2 4.85 66.56 71.41 ERROR
r-release-linux-x86_64 0.8.2 5.05 65.60 70.65 OK
r-release-macos-arm64 0.8.2 42.00 OK
r-release-macos-x86_64 0.8.2 74.00 OK
r-release-windows-x86_64 0.8.2 11.00 83.00 94.00 OK
r-oldrel-macos-arm64 0.8.0 28.00 OK
r-oldrel-windows-x86_64 0.8.0 11.00 92.00 103.00 ERROR

Additional issues

ATLAS MKL

Check Details

Version: 0.8.2
Check: tests
Result: ERROR Running 'testthat.R' [26s] Running the tests in 'tests/testthat.R' failed. Complete output: > library(testthat) > library(httptest2) > library(hexFinder) > > test_check("hexFinder") No github personal access token provided. Limited search rates for github will apply. Set up github_pat environmental variable if you plan to query multiple repos in a short time [ FAIL 1 | WARN 1 | SKIP 0 | PASS 33 ] ══ Failed tests ════════════════════════════════════════════════════════════════ ── Error ('test-gather.R:13:3'): get_metacran_info ───────────────────────────── Error in `open.connection(con, "rb")`: cannot open the connection to 'https://search.r-pkg.org/package/_search?q=Package:notAPackage' Backtrace: ▆ 1. ├─testthat::expect_null(get_metacran_info("notAPackage")) at test-gather.R:13:3 2. │ └─testthat::quasi_label(enquo(object), label, arg = "object") 3. │ └─rlang::eval_bare(expr, quo_get_env(quo)) 4. └─hexFinder:::get_metacran_info("notAPackage") 5. └─jsonlite::fromJSON(glue("https://search.r-pkg.org/package/_search?q=Package:{pkg_name}")) 6. └─jsonlite:::parse_and_simplify(...) 7. └─jsonlite:::parseJSON(txt, bigint_as_char) 8. └─jsonlite:::parse_con(txt, bigint_as_char) 9. ├─base::open(con, "rb") 10. └─base::open.connection(con, "rb") [ FAIL 1 | WARN 1 | SKIP 0 | PASS 33 ] Error: Test failures Execution halted Flavor: r-prerel-windows-x86_64

Version: 0.8.2
Check: tests
Result: ERROR Running ‘testthat.R’ [6s/67s] Running the tests in ‘tests/testthat.R’ failed. Complete output: > library(testthat) > library(httptest2) > library(hexFinder) > > test_check("hexFinder") No github personal access token provided. Limited search rates for github will apply. Set up github_pat environmental variable if you plan to query multiple repos in a short time [ FAIL 1 | WARN 3 | SKIP 0 | PASS 33 ] ══ Failed tests ════════════════════════════════════════════════════════════════ ── Error ('test-gather.R:13:3'): get_metacran_info ───────────────────────────── Error in `open.connection(con, "rb")`: cannot open the connection to 'https://search.r-pkg.org/package/_search?q=Package:notAPackage' Backtrace: ▆ 1. ├─testthat::expect_null(get_metacran_info("notAPackage")) at test-gather.R:13:3 2. │ └─testthat::quasi_label(enquo(object), label, arg = "object") 3. │ └─rlang::eval_bare(expr, quo_get_env(quo)) 4. └─hexFinder:::get_metacran_info("notAPackage") 5. └─jsonlite::fromJSON(glue("https://search.r-pkg.org/package/_search?q=Package:{pkg_name}")) 6. └─jsonlite:::parse_and_simplify(...) 7. └─jsonlite:::parseJSON(txt, bigint_as_char) 8. └─jsonlite:::parse_con(txt, bigint_as_char) 9. ├─base::open(con, "rb") 10. └─base::open.connection(con, "rb") [ FAIL 1 | WARN 3 | SKIP 0 | PASS 33 ] Error: Test failures Execution halted Flavor: r-patched-linux-x86_64

Version: 0.8.0
Check: tests
Result: ERROR Running 'testthat.R' [7s] Running the tests in 'tests/testthat.R' failed. Complete output: > library(testthat) > library(httptest2) > library(hexFinder) > > test_check("hexFinder") No github personal access token provided. Limited search rates for github will apply. Set up github_pat environmental variable if you plan to query multiple repos in a short time [ FAIL 2 | WARN 0 | SKIP 0 | PASS 33 ] ══ Failed tests ════════════════════════════════════════════════════════════════ ── Error ('test-gather.R:76:5'): get_best_image ─────────────────────────────── <purrr_error_indexed/rlang_error/error/condition> Error in `purrr::map(paths, function(entry) { info <- magick::image_info(image_read(glue("{download_endpoint}/{branch}/{entry$path}"))) dimentions <- sort(c(info$width, info$height)) (dimentions[2]/dimentions[1]) })`: i In index: 1. Caused by error: ! Rterm.exe: FailedToExecuteCommand `"inkscape" "D:/temp/Rtmp6l8iK7/magick-G6ka0n0UkX3SoThetWswslcFa4Yns8p5" --export-png="D:/temp/Rtmp6l8iK7/magick-6sk_YdQzK8ZSMeoOHD2LxOCJT9sXdWEO.png" --export-dpi="96" --export-background="rgb(100%,100%,100%)" --export-background-opacity="1" > "D:/temp/Rtmp6l8iK7/magick-W7kebDCc0-2GemJbY-G2bHoizWyhYDsA" 2>&1' (-1) @ error/delegate.c/ExternalDelegateCommand/514 Backtrace: ▆ 1. ├─testthat::expect_type(...) at test-gather.R:76:5 2. │ └─testthat::quasi_label(enquo(object), arg = "object") 3. │ └─rlang::eval_bare(expr, quo_get_env(quo)) 4. ├─hexFinder:::get_best_image(...) 5. │ ├─base::unlist(...) 6. │ └─purrr::map(...) 7. │ └─purrr:::map_("list", .x, .f, ..., .progress = .progress) 8. │ ├─purrr:::with_indexed_errors(...) 9. │ │ └─base::withCallingHandlers(...) 10. │ ├─purrr:::call_with_cleanup(...) 11. │ └─hexFinder (local) .f(.x[[i]], ...) 12. │ ├─magick::image_info(image_read(glue("{download_endpoint}/{branch}/{entry$path}"))) 13. │ │ └─magick:::assert_image(image) 14. │ └─magick::image_read(glue("{download_endpoint}/{branch}/{entry$path}")) 15. │ └─magick:::magick_image_readpath(path, density, depth, strip, defines) 16. ├─base::stop(`<Mgck::ED>`) 17. └─purrr (local) `<fn>`(`<Mgck::ED>`) 18. └─cli::cli_abort(...) 19. └─rlang::abort(...) ── Error ('test-gather.R:97:5'): keep_good_ratio_images ──────────────────────── <purrr_error_indexed/rlang_error/error/condition> Error in `purrr::keep(paths, function(entry) { info <- magick::image_info(image_trim(image_read(glue("{download_endpoint}/{branch}/{entry$path}")))) dimentions <- sort(c(info$width, info$height)) aspect_ratio <- dimentions[2]/dimentions[1] if (aspect_ratio > 1.8) { return(FALSE) } if (aspect_ratio > 1.151 && aspect_ratio < 1.154) { return(TRUE) } if (info$width > 1279 || info$height > 1279) { return(FALSE) } return(TRUE) })`: i In index: 1. Caused by error: ! Rterm.exe: FailedToExecuteCommand `"inkscape" "D:/temp/Rtmp6l8iK7/magick-Cmjd9YvNTDB8b8qrI_oXx__mzSqj151q" --export-png="D:/temp/Rtmp6l8iK7/magick-1a2Tu5ay-fCOVgbjzN-FlP02ShhTv70b.png" --export-dpi="96" --export-background="rgb(100%,100%,100%)" --export-background-opacity="1" > "D:/temp/Rtmp6l8iK7/magick-XMgYIFM1zmfEP0wP7p33Ff67vlt2Aore" 2>&1' (-1) @ error/delegate.c/ExternalDelegateCommand/514 Backtrace: ▆ 1. ├─testthat::expect_type(...) at test-gather.R:97:5 2. │ └─testthat::quasi_label(enquo(object), arg = "object") 3. │ └─rlang::eval_bare(expr, quo_get_env(quo)) 4. ├─hexFinder:::keep_good_ratio_images(...) 5. │ └─purrr::keep(...) 6. │ └─purrr:::where_if(.x, .p, ...) 7. │ └─purrr:::map_(.x, .p, ..., .type = "logical", .purrr_error_call = .purrr_error_call) 8. │ ├─purrr:::with_indexed_errors(...) 9. │ │ └─base::withCallingHandlers(...) 10. │ ├─purrr:::call_with_cleanup(...) 11. │ └─purrr (local) .f(.x[[i]], ...) 12. │ └─hexFinder (local) .fn(...) 13. │ ├─magick::image_info(image_trim(image_read(glue("{download_endpoint}/{branch}/{entry$path}")))) 14. │ │ └─magick:::assert_image(image) 15. │ ├─magick::image_trim(image_read(glue("{download_endpoint}/{branch}/{entry$path}"))) 16. │ │ └─magick:::assert_image(image) 17. │ └─magick::image_read(glue("{download_endpoint}/{branch}/{entry$path}")) 18. │ └─magick:::magick_image_readpath(path, density, depth, strip, defines) 19. ├─base::stop(`<Mgck::ED>`) 20. └─purrr (local) `<fn>`(`<Mgck::ED>`) 21. └─cli::cli_abort(...) 22. └─rlang::abort(...) [ FAIL 2 | WARN 0 | SKIP 0 | PASS 33 ] Error: Test failures Execution halted Flavor: r-oldrel-windows-x86_64