Last updated on 2023-12-07 01:54:36 CET.
Flavor | Version | Tinstall | Tcheck | Ttotal | Status | Flags |
---|---|---|---|---|---|---|
r-devel-linux-x86_64-debian-clang | 1.3.3 | 259.43 | 42.84 | 302.27 | OK | |
r-devel-linux-x86_64-debian-gcc | 1.3.3 | 188.70 | 32.18 | 220.88 | OK | |
r-devel-linux-x86_64-fedora-clang | 1.3.3 | 465.27 | OK | |||
r-devel-linux-x86_64-fedora-gcc | 1.3.3 | 496.67 | OK | |||
r-devel-windows-x86_64 | 1.3.3 | 190.00 | 95.00 | 285.00 | OK | |
r-patched-linux-x86_64 | 1.3.1 | 241.32 | 41.64 | 282.96 | OK | |
r-release-linux-x86_64 | 1.3.3 | 230.07 | 42.00 | 272.07 | OK | |
r-release-macos-arm64 | 1.3.3 | 84.00 | NOTE | |||
r-release-macos-x86_64 | 1.3.3 | 102.00 | NOTE | |||
r-release-windows-x86_64 | 1.3.3 | 239.00 | 100.00 | 339.00 | OK | |
r-oldrel-macos-arm64 | 1.3.3 | 84.00 | NOTE | |||
r-oldrel-macos-x86_64 | 1.3.1 | 116.00 | NOTE | |||
r-oldrel-windows-x86_64 | 1.3.3 | 162.00 | 87.00 | 249.00 | OK |
Version: 1.3.3
Check: installed package size
Result: NOTE
installed size is 15.1Mb
sub-directories of 1Mb or more:
libs 14.8Mb
Flavors: r-release-macos-arm64, r-release-macos-x86_64, r-oldrel-macos-arm64
Version: 1.3.1
Check: installed package size
Result: NOTE
installed size is 17.1Mb
sub-directories of 1Mb or more:
libs 16.8Mb
Flavor: r-oldrel-macos-x86_64