Last updated on 2024-08-16 00:48:22 CEST.
Flavor | Version | Tinstall | Tcheck | Ttotal | Status | Flags |
---|---|---|---|---|---|---|
r-devel-linux-x86_64-debian-clang | 0.6.0 | 23.96 | 27.02 | 50.98 | NOTE | |
r-devel-linux-x86_64-debian-gcc | 0.6.0 | 16.71 | 21.03 | 37.74 | NOTE | |
r-devel-linux-x86_64-fedora-clang | 0.6.0 | 91.48 | NOTE | |||
r-devel-linux-x86_64-fedora-gcc | 0.6.0 | 108.35 | NOTE | |||
r-devel-windows-x86_64 | 0.6.0 | 26.00 | 65.00 | 91.00 | NOTE | |
r-patched-linux-x86_64 | 0.6.0 | 21.51 | 25.58 | 47.09 | NOTE | |
r-release-linux-x86_64 | 0.6.0 | 23.37 | 25.80 | 49.17 | NOTE | |
r-release-macos-arm64 | 0.6.0 | 34.00 | NOTE | |||
r-release-macos-x86_64 | 0.6.0 | 70.00 | NOTE | |||
r-release-windows-x86_64 | 0.6.0 | 27.00 | 71.00 | 98.00 | NOTE | |
r-oldrel-macos-arm64 | 0.6.0 | 39.00 | NOTE | |||
r-oldrel-macos-x86_64 | 0.6.0 | 59.00 | NOTE | |||
r-oldrel-windows-x86_64 | 0.6.0 | 31.00 | 75.00 | 106.00 | NOTE |
Version: 0.6.0
Check: LazyData
Result: NOTE
'LazyData' is specified without a 'data' directory
Flavors: r-devel-linux-x86_64-debian-clang, r-devel-linux-x86_64-debian-gcc, r-devel-linux-x86_64-fedora-clang, r-devel-linux-x86_64-fedora-gcc, r-devel-windows-x86_64, r-patched-linux-x86_64, r-release-linux-x86_64, r-release-macos-arm64, r-release-macos-x86_64, r-release-windows-x86_64, r-oldrel-macos-arm64, r-oldrel-macos-x86_64, r-oldrel-windows-x86_64
Version: 0.6.0
Check: compiled code
Result: NOTE
File ‘humaniformat/libs/humaniformat.so’:
Found no calls to: ‘R_registerRoutines’, ‘R_useDynamicSymbols’
It is good practice to register native routines and to disable symbol
search.
See ‘Writing portable packages’ in the ‘Writing R Extensions’ manual.
Flavors: r-devel-linux-x86_64-fedora-clang, r-devel-linux-x86_64-fedora-gcc